{"id":108,"date":"2022-02-13T09:11:30","date_gmt":"2022-02-13T08:11:30","guid":{"rendered":"http:\/\/www.infomedia42.com\/orion\/?page_id=108"},"modified":"2022-06-09T21:17:02","modified_gmt":"2022-06-09T19:17:02","slug":"doc-locaux","status":"publish","type":"page","link":"https:\/\/www.infomedia42.com\/orion\/entree-des-artistes\/doc-locaux\/","title":{"rendered":"Documents adapt\u00e9s pour nos locaux"},"content":{"rendered":"<div class=\"members-access-error\">D\u00e9sol\u00e9, ce document est r\u00e9serv\u00e9 aux personnes ayant re\u00e7u un identifiant pour se connecter au site (administrateurs, \u00e9diteurs du site,\u00a0 \u00a0animateurs ou membres du CA).<\/p>\n<p>Si c&rsquo;est un article visible en page d&rsquo;accueil, il est peut \u00eatre momentan\u00e9ment en cours de v\u00e9rification.<\/p>\n<p><strong>Si on vous a communiqu\u00e9 un identifiant et un mot de passe pour le site, connectez vous !<\/strong><\/p>\n<p>sur un PC le lien de connexion se trouve ici :<\/p>\n<p><img class=\"alignnone size-medium wp-image-1790\" src=\"https:\/\/www.infomedia42.com\/orion\/wp-content\/uploads\/2022\/12\/PC-Bandeau-non-connecte-Lien-se-connecter-300x43.jpg\" alt=\"\" width=\"300\" height=\"43\" \/><\/p>\n<p>Sur un t\u00e9l\u00e9phone, le lien de connexion se trouve ici :<\/p>\n<p><img class=\"alignnone size-medium wp-image-1792\" src=\"https:\/\/www.infomedia42.com\/orion\/wp-content\/uploads\/2022\/12\/Telephone-Menu-non-connecte-Lien-Se-connecter-138x300.jpg\" alt=\"\" width=\"138\" height=\"300\" \/><\/p>\n<p>&nbsp;<\/p>\n<p>Merci pour votre compr\u00e9hension !<\/p>\n<p>&nbsp;<\/p><\/div>\n","protected":false},"excerpt":{"rendered":"<div class=\"members-access-error\">D\u00e9sol\u00e9, ce document est r\u00e9serv\u00e9 aux personnes ayant re\u00e7u un identifiant pour se connecter au site (administrateurs, \u00e9diteurs du site,\u00a0 \u00a0animateurs ou membres du CA).<\/p>\n<p>Si c&rsquo;est un article visible en page d&rsquo;accueil, il est peut \u00eatre momentan\u00e9ment en cours de v\u00e9rification.<\/p>\n<p><strong>Si on vous a communiqu\u00e9 un identifiant et un mot de passe pour le site, connectez vous !<\/strong><\/p>\n<p>sur un PC le lien de connexion se trouve ici :<\/p>\n<p><img class=\"alignnone size-medium wp-image-1790\" src=\"https:\/\/www.infomedia42.com\/orion\/wp-content\/uploads\/2022\/12\/PC-Bandeau-non-connecte-Lien-se-connecter-300x43.jpg\" alt=\"\" width=\"300\" height=\"43\" \/><\/p>\n<p>Sur un t\u00e9l\u00e9phone, le lien de connexion se trouve ici :<\/p>\n<p><img class=\"alignnone size-medium wp-image-1792\" src=\"https:\/\/www.infomedia42.com\/orion\/wp-content\/uploads\/2022\/12\/Telephone-Menu-non-connecte-Lien-Se-connecter-138x300.jpg\" alt=\"\" width=\"138\" height=\"300\" \/><\/p>\n<p>&nbsp;<\/p>\n<p>Merci pour votre compr\u00e9hension !<\/p>\n<p>&nbsp;<\/p><\/div>\n","protected":false},"author":1,"featured_media":0,"parent":84,"menu_order":0,"comment_status":"closed","ping_status":"closed","template":"","meta":{"footnotes":"","_links_to":"","_links_to_target":""},"class_list":["post-108","page","type-page","status-publish","czr-hentry"],"yoast_head":"<!-- This site is optimized with the Yoast SEO plugin v27.3 - https:\/\/yoast.com\/product\/yoast-seo-wordpress\/ -->\n<title>Documents adapt\u00e9s pour nos locaux - InfoMedia-L&#039;informatique pour tous<\/title>\n<meta name=\"robots\" content=\"index, follow, max-snippet:-1, max-image-preview:large, max-video-preview:-1\" \/>\n<link rel=\"canonical\" href=\"https:\/\/www.infomedia42.com\/orion\/entree-des-artistes\/doc-locaux\/\" \/>\n<meta property=\"og:locale\" content=\"fr_FR\" \/>\n<meta property=\"og:type\" content=\"article\" \/>\n<meta property=\"og:title\" content=\"Documents adapt\u00e9s pour nos locaux - InfoMedia-L&#039;informatique pour tous\" \/>\n<meta property=\"og:description\" content=\"D\u00e9sol\u00e9, ce document est r\u00e9serv\u00e9 aux personnes ayant re\u00e7u un identifiant pour se connecter au site (administrateurs, \u00e9diteurs du site,\u00a0 \u00a0animateurs ou membres du CA). Si c&rsquo;est un article visible en page d&rsquo;accueil, il est peut \u00eatre momentan\u00e9ment en cours de v\u00e9rification. Si on vous a communiqu\u00e9 un identifiant et un mot de passe pour le site, connectez vous ! sur un PC le lien de connexion se trouve ici : Sur un t\u00e9l\u00e9phone, le lien de connexion se trouve ici : &nbsp; Merci pour votre compr\u00e9hension ! &nbsp;\" \/>\n<meta property=\"og:url\" content=\"https:\/\/www.infomedia42.com\/orion\/entree-des-artistes\/doc-locaux\/\" \/>\n<meta property=\"og:site_name\" content=\"InfoMedia-L&#039;informatique pour tous\" \/>\n<meta property=\"article:modified_time\" content=\"2022-06-09T19:17:02+00:00\" \/>\n<meta name=\"twitter:card\" content=\"summary_large_image\" \/>\n<script type=\"application\/ld+json\" class=\"yoast-schema-graph\">{\"@context\":\"https:\\\/\\\/schema.org\",\"@graph\":[{\"@type\":\"WebPage\",\"@id\":\"https:\\\/\\\/www.infomedia42.com\\\/orion\\\/entree-des-artistes\\\/doc-locaux\\\/\",\"url\":\"https:\\\/\\\/www.infomedia42.com\\\/orion\\\/entree-des-artistes\\\/doc-locaux\\\/\",\"name\":\"Documents adapt\u00e9s pour nos locaux - InfoMedia-L&#039;informatique pour tous\",\"isPartOf\":{\"@id\":\"https:\\\/\\\/www.infomedia42.com\\\/orion\\\/#website\"},\"datePublished\":\"2022-02-13T08:11:30+00:00\",\"dateModified\":\"2022-06-09T19:17:02+00:00\",\"breadcrumb\":{\"@id\":\"https:\\\/\\\/www.infomedia42.com\\\/orion\\\/entree-des-artistes\\\/doc-locaux\\\/#breadcrumb\"},\"inLanguage\":\"fr-FR\",\"potentialAction\":[{\"@type\":\"ReadAction\",\"target\":[\"https:\\\/\\\/www.infomedia42.com\\\/orion\\\/entree-des-artistes\\\/doc-locaux\\\/\"]}]},{\"@type\":\"BreadcrumbList\",\"@id\":\"https:\\\/\\\/www.infomedia42.com\\\/orion\\\/entree-des-artistes\\\/doc-locaux\\\/#breadcrumb\",\"itemListElement\":[{\"@type\":\"ListItem\",\"position\":1,\"name\":\"Accueil\",\"item\":\"https:\\\/\\\/www.infomedia42.com\\\/orion\\\/\"},{\"@type\":\"ListItem\",\"position\":2,\"name\":\"Entr\u00e9e des artistes\",\"item\":\"https:\\\/\\\/www.infomedia42.com\\\/orion\\\/entree-des-artistes\\\/\"},{\"@type\":\"ListItem\",\"position\":3,\"name\":\"Documents adapt\u00e9s pour nos locaux\"}]},{\"@type\":\"WebSite\",\"@id\":\"https:\\\/\\\/www.infomedia42.com\\\/orion\\\/#website\",\"url\":\"https:\\\/\\\/www.infomedia42.com\\\/orion\\\/\",\"name\":\"InfoMedia-L&#039;informatique pour tous\",\"description\":\"Site de l&#039;association InfoMedia\",\"publisher\":{\"@id\":\"https:\\\/\\\/www.infomedia42.com\\\/orion\\\/#organization\"},\"potentialAction\":[{\"@type\":\"SearchAction\",\"target\":{\"@type\":\"EntryPoint\",\"urlTemplate\":\"https:\\\/\\\/www.infomedia42.com\\\/orion\\\/?s={search_term_string}\"},\"query-input\":{\"@type\":\"PropertyValueSpecification\",\"valueRequired\":true,\"valueName\":\"search_term_string\"}}],\"inLanguage\":\"fr-FR\"},{\"@type\":\"Organization\",\"@id\":\"https:\\\/\\\/www.infomedia42.com\\\/orion\\\/#organization\",\"name\":\"InfoMedia-L&#039;informatique pour tous\",\"url\":\"https:\\\/\\\/www.infomedia42.com\\\/orion\\\/\",\"logo\":{\"@type\":\"ImageObject\",\"inLanguage\":\"fr-FR\",\"@id\":\"https:\\\/\\\/www.infomedia42.com\\\/orion\\\/#\\\/schema\\\/logo\\\/image\\\/\",\"url\":\"https:\\\/\\\/www.infomedia42.com\\\/orion\\\/wp-content\\\/uploads\\\/2024\\\/01\\\/cropped-Logodyn3secondes.gif\",\"contentUrl\":\"https:\\\/\\\/www.infomedia42.com\\\/orion\\\/wp-content\\\/uploads\\\/2024\\\/01\\\/cropped-Logodyn3secondes.gif\",\"width\":290,\"height\":290,\"caption\":\"InfoMedia-L&#039;informatique pour tous\"},\"image\":{\"@id\":\"https:\\\/\\\/www.infomedia42.com\\\/orion\\\/#\\\/schema\\\/logo\\\/image\\\/\"}}]}<\/script>\n<!-- \/ Yoast SEO plugin. -->","yoast_head_json":{"title":"Documents adapt\u00e9s pour nos locaux - InfoMedia-L&#039;informatique pour tous","robots":{"index":"index","follow":"follow","max-snippet":"max-snippet:-1","max-image-preview":"max-image-preview:large","max-video-preview":"max-video-preview:-1"},"canonical":"https:\/\/www.infomedia42.com\/orion\/entree-des-artistes\/doc-locaux\/","og_locale":"fr_FR","og_type":"article","og_title":"Documents adapt\u00e9s pour nos locaux - InfoMedia-L&#039;informatique pour tous","og_description":"D\u00e9sol\u00e9, ce document est r\u00e9serv\u00e9 aux personnes ayant re\u00e7u un identifiant pour se connecter au site (administrateurs, \u00e9diteurs du site,\u00a0 \u00a0animateurs ou membres du CA). Si c&rsquo;est un article visible en page d&rsquo;accueil, il est peut \u00eatre momentan\u00e9ment en cours de v\u00e9rification. Si on vous a communiqu\u00e9 un identifiant et un mot de passe pour le site, connectez vous ! sur un PC le lien de connexion se trouve ici : Sur un t\u00e9l\u00e9phone, le lien de connexion se trouve ici : &nbsp; Merci pour votre compr\u00e9hension ! &nbsp;","og_url":"https:\/\/www.infomedia42.com\/orion\/entree-des-artistes\/doc-locaux\/","og_site_name":"InfoMedia-L&#039;informatique pour tous","article_modified_time":"2022-06-09T19:17:02+00:00","twitter_card":"summary_large_image","schema":{"@context":"https:\/\/schema.org","@graph":[{"@type":"WebPage","@id":"https:\/\/www.infomedia42.com\/orion\/entree-des-artistes\/doc-locaux\/","url":"https:\/\/www.infomedia42.com\/orion\/entree-des-artistes\/doc-locaux\/","name":"Documents adapt\u00e9s pour nos locaux - InfoMedia-L&#039;informatique pour tous","isPartOf":{"@id":"https:\/\/www.infomedia42.com\/orion\/#website"},"datePublished":"2022-02-13T08:11:30+00:00","dateModified":"2022-06-09T19:17:02+00:00","breadcrumb":{"@id":"https:\/\/www.infomedia42.com\/orion\/entree-des-artistes\/doc-locaux\/#breadcrumb"},"inLanguage":"fr-FR","potentialAction":[{"@type":"ReadAction","target":["https:\/\/www.infomedia42.com\/orion\/entree-des-artistes\/doc-locaux\/"]}]},{"@type":"BreadcrumbList","@id":"https:\/\/www.infomedia42.com\/orion\/entree-des-artistes\/doc-locaux\/#breadcrumb","itemListElement":[{"@type":"ListItem","position":1,"name":"Accueil","item":"https:\/\/www.infomedia42.com\/orion\/"},{"@type":"ListItem","position":2,"name":"Entr\u00e9e des artistes","item":"https:\/\/www.infomedia42.com\/orion\/entree-des-artistes\/"},{"@type":"ListItem","position":3,"name":"Documents adapt\u00e9s pour nos locaux"}]},{"@type":"WebSite","@id":"https:\/\/www.infomedia42.com\/orion\/#website","url":"https:\/\/www.infomedia42.com\/orion\/","name":"InfoMedia-L&#039;informatique pour tous","description":"Site de l&#039;association InfoMedia","publisher":{"@id":"https:\/\/www.infomedia42.com\/orion\/#organization"},"potentialAction":[{"@type":"SearchAction","target":{"@type":"EntryPoint","urlTemplate":"https:\/\/www.infomedia42.com\/orion\/?s={search_term_string}"},"query-input":{"@type":"PropertyValueSpecification","valueRequired":true,"valueName":"search_term_string"}}],"inLanguage":"fr-FR"},{"@type":"Organization","@id":"https:\/\/www.infomedia42.com\/orion\/#organization","name":"InfoMedia-L&#039;informatique pour tous","url":"https:\/\/www.infomedia42.com\/orion\/","logo":{"@type":"ImageObject","inLanguage":"fr-FR","@id":"https:\/\/www.infomedia42.com\/orion\/#\/schema\/logo\/image\/","url":"https:\/\/www.infomedia42.com\/orion\/wp-content\/uploads\/2024\/01\/cropped-Logodyn3secondes.gif","contentUrl":"https:\/\/www.infomedia42.com\/orion\/wp-content\/uploads\/2024\/01\/cropped-Logodyn3secondes.gif","width":290,"height":290,"caption":"InfoMedia-L&#039;informatique pour tous"},"image":{"@id":"https:\/\/www.infomedia42.com\/orion\/#\/schema\/logo\/image\/"}}]}},"_links":{"self":[{"href":"https:\/\/www.infomedia42.com\/orion\/wp-json\/wp\/v2\/pages\/108","targetHints":{"allow":["GET"]}}],"collection":[{"href":"https:\/\/www.infomedia42.com\/orion\/wp-json\/wp\/v2\/pages"}],"about":[{"href":"https:\/\/www.infomedia42.com\/orion\/wp-json\/wp\/v2\/types\/page"}],"author":[{"embeddable":true,"href":"https:\/\/www.infomedia42.com\/orion\/wp-json\/wp\/v2\/users\/1"}],"replies":[{"embeddable":true,"href":"https:\/\/www.infomedia42.com\/orion\/wp-json\/wp\/v2\/comments?post=108"}],"version-history":[{"count":34,"href":"https:\/\/www.infomedia42.com\/orion\/wp-json\/wp\/v2\/pages\/108\/revisions"}],"predecessor-version":[{"id":1047,"href":"https:\/\/www.infomedia42.com\/orion\/wp-json\/wp\/v2\/pages\/108\/revisions\/1047"}],"up":[{"embeddable":true,"href":"https:\/\/www.infomedia42.com\/orion\/wp-json\/wp\/v2\/pages\/84"}],"wp:attachment":[{"href":"https:\/\/www.infomedia42.com\/orion\/wp-json\/wp\/v2\/media?parent=108"}],"curies":[{"name":"wp","href":"https:\/\/api.w.org\/{rel}","templated":true}]}}