{"id":219,"date":"2022-02-13T13:07:31","date_gmt":"2022-02-13T12:07:31","guid":{"rendered":"http:\/\/www.infomedia42.com\/orion\/?page_id=219"},"modified":"2025-12-17T22:05:41","modified_gmt":"2025-12-17T21:05:41","slug":"ateliers-andrezieux","status":"publish","type":"page","link":"https:\/\/www.infomedia42.com\/orion\/ateliers\/liste-des-ateliers\/ateliers-andrezieux\/","title":{"rendered":"Ateliers Andr\u00e9zieux 2025-2026"},"content":{"rendered":"\n<p class=\"has-medium-font-size\"><\/p>\n\n\n<span id=\"tablepress-5-description\" class=\"tablepress-table-description tablepress-table-description-id-5\"><\/span>\n\n<table id=\"tablepress-5\" class=\"tablepress tablepress-id-5\" aria-describedby=\"tablepress-5-description\">\n<thead>\n<tr class=\"row-1\">\n\t<th class=\"column-1\">Jour<\/th><th class=\"column-2\">Salle<\/th><th class=\"column-3\">Sujet<\/th><th class=\"column-4\">Animateur(s)<\/th><th class=\"column-5\">Pr\u00e9-requis \/ A lire<\/th><th class=\"column-6\">Remarques<\/th>\n<\/tr>\n<\/thead>\n<tbody class=\"row-striping row-hover\">\n<tr class=\"row-2\">\n\t<td class=\"column-1\"><font color=\"white\">02<\/font>Mardi 09h30 \u00e0 11h30<\/td><td class=\"column-2\">2<\/td><td class=\"column-3\">Photo, prise de vues, retouches, diaporamas, PowerPoint<\/td><td class=\"column-4\">Marinette MONTAGNY<\/td><td class=\"column-5\"><\/td><td class=\"column-6\"><\/td>\n<\/tr>\n<tr class=\"row-3\">\n\t<td class=\"column-1\"><font color=\"white\">02<\/font>Mardi 09h \u00e0 11h<\/td><td class=\"column-2\">1<\/td><td class=\"column-3\">Que faire avec un MAC ?<\/td><td class=\"column-4\">Jean-Claude DRILLON<\/td><td class=\"column-5\"><br \/>\n<br \/>\n<a href=\"https:\/\/www.infomedia42.com\/orion\/fiche-atelier-mac\/\"> Cliquez ici pour voir la vid\u00e9o de pr\u00e9sentation<\/a><\/td><td class=\"column-6\"><br \/>\n<\/td>\n<\/tr>\n<tr class=\"row-4\">\n\t<td class=\"column-1\"><font color=\"white\">02<\/font>Mardi 14h00 \u00e0 16h00<\/td><td class=\"column-2\">1<\/td><td class=\"column-3\">Smartphones\/tablettes\/interface PC<\/td><td class=\"column-4\">Michel CHANTRE et Alain USCLADE<\/td><td class=\"column-5\"><\/td><td class=\"column-6\"><\/td>\n<\/tr>\n<tr class=\"row-5\">\n\t<td class=\"column-1\"><font color=\"white\">02<\/font>Mardi 16h30 \u00e0 18h30<\/td><td class=\"column-2\">1<\/td><td class=\"column-3\">Smartphones<\/td><td class=\"column-4\">Jim SICLON<\/td><td class=\"column-5\"><br \/>\n<a href=\"https:\/\/www.infomedia42.com\/orion\/programme-atelier-smartphones\/\"> Cliquez ici pour voir le programme<\/a><\/td><td class=\"column-6\"><\/td>\n<\/tr>\n<tr class=\"row-6\">\n\t<td class=\"column-1\"><font color=\"white\">02<\/font>Mardi 17h00 \u00e0 19h00<\/td><td class=\"column-2\">2<\/td><td class=\"column-3\">UNE PASSERELLE VERS LE MONDE DES GEEKS<br \/>\n<br \/>\navec l'aide des intelligences artificielles.<\/td><td class=\"column-4\">Alain MEYNARD<\/td><td class=\"column-5\">Cette ann\u00e9e, les Intelligences Artificielles Nous Ouvrent la Porte Pour Entrer dans le Monde des GEEKS<br \/>\n<br \/>\n<br \/>\nEt toujours, du Raspberry PI, du Raspberry Pico, du linux et du Python !<br \/>\n<br \/>\n<br \/>\n<a href=https:\/\/www.infomedia42.com\/orion\/entrer-dans-le-monde-des-geeks\/> Cliquez ici pour voir la fiche descriptive compl\u00e8te<\/a><\/td><td class=\"column-6\"><\/td>\n<\/tr>\n<tr class=\"row-7\">\n\t<td class=\"column-1\"><font color=\"white\">03<\/font>Mercredi 17h00 \u00e0 19h00<\/td><td class=\"column-2\">2<\/td><td class=\"column-3\">Libre Office<\/td><td class=\"column-4\">Yves RIFFARD<\/td><td class=\"column-5\"><a href=\"https:\/\/www.infomedia42.com\/orion\/fiche-atelier-libre-office\/\"> Cliquez ici pour voir le programme<\/a><\/td><td class=\"column-6\"><b><font color=\"red\">NOUVEL ATELIER !<\/font><\/b><br \/>\n<br \/>\nPremi\u00e8re s\u00e9ance <br \/>\nle mercredi 7 janvier 2026<\/td>\n<\/tr>\n<tr class=\"row-8\">\n\t<td class=\"column-1\"><font color=\"white\">04<\/font>Jeudi 14h \u00e0 16h<\/td><td class=\"column-2\">1<\/td><td class=\"column-3\">D\u00e9butants (Windows 11)<\/td><td class=\"column-4\">Andr\u00e9 VERICEL<br \/>\net<br \/>\nChristiane CHOQUELLE<\/td><td class=\"column-5\">Savoir d\u00e9marrer un ordinateur !<br \/>\n<br \/>\n<a href=\"https:\/\/www.infomedia42.com\/orion\/atelier-debutants-w11-2025-2026\/\"> Cliquez ici pour voir la fiche descriptive compl\u00e8te<\/a><\/td><td class=\"column-6\"><br \/>\n<br \/>\nATELIER COMPLET<\/td>\n<\/tr>\n<tr class=\"row-9\">\n\t<td class=\"column-1\"><font color=\"white\">04<\/font>Jeudi 17h \u00e0 19h30<\/td><td class=\"column-2\">2<\/td><td class=\"column-3\">Atelier GENERALISTE-PHOTO-BUREAUTIQUE<br \/>\n<\/td><td class=\"column-4\">Florent ELSEN et Joseph DE FRANCISCI<\/td><td class=\"column-5\"><br \/>\n<a href=\"https:\/\/www.infomedia42.com\/orion\/presentation-atelier-bureautique\/\"> Cliquez ici pour voir la fiche descriptive compl\u00e8te<\/a><br \/>\n<br \/>\n<br \/>\n<\/td><td class=\"column-6\"><br \/>\nCet atelier continue en 2025-2026 avec 2 animateurs et un programme faisant une place \u00e9largie \u00e0 la maitrise des fondamentaux.<br \/>\nLisez bien la fiche descriptive !<br \/>\n<br \/>\n<\/td>\n<\/tr>\n<tr class=\"row-10\">\n\t<td class=\"column-1\"><font color=\"white\">05<\/font> Vendredi 09h \u00e0 11h<\/td><td class=\"column-2\">1<\/td><td class=\"column-3\">Cr\u00e9ation, montage, retouche avec PHOTOFILTRE, Cr\u00e9ation de GIF anim\u00e9s<\/td><td class=\"column-4\">Marinette MONTAGNY<\/td><td class=\"column-5\"><\/td><td class=\"column-6\"><br \/>\n<br \/>\n<\/td>\n<\/tr>\n<\/tbody>\n<\/table>\n<!-- #tablepress-5 from cache -->\n\n\n\n<p>Adresse : Gare d&rsquo;Andr\u00e9zieux, voici l&rsquo;acc\u00e8s \u00e0 la salle 1.<\/p>\n\n\n\n<p>On acc\u00e8de \u00e0 la salle 2 par le quai !<\/p>\n\n\n\n<figure class=\"wp-block-image size-large\"><img loading=\"lazy\" decoding=\"async\" width=\"1024\" height=\"632\" src=\"https:\/\/www.infomedia42.com\/orion\/wp-content\/uploads\/2025\/03\/Gare-Andrezieux-salle-1-1024x632.jpg\" alt=\"\" class=\"wp-image-3778\" srcset=\"https:\/\/www.infomedia42.com\/orion\/wp-content\/uploads\/2025\/03\/Gare-Andrezieux-salle-1-1024x632.jpg 1024w, https:\/\/www.infomedia42.com\/orion\/wp-content\/uploads\/2025\/03\/Gare-Andrezieux-salle-1-300x185.jpg 300w, https:\/\/www.infomedia42.com\/orion\/wp-content\/uploads\/2025\/03\/Gare-Andrezieux-salle-1-768x474.jpg 768w, https:\/\/www.infomedia42.com\/orion\/wp-content\/uploads\/2025\/03\/Gare-Andrezieux-salle-1.jpg 1183w\" sizes=\"auto, (max-width: 1024px) 100vw, 1024px\" \/><\/figure>\n\n\n\n<hr class=\"wp-block-separator has-alpha-channel-opacity\"\/>\n\n\n\n<p>Pas trouv\u00e9 \u00e0 Andr\u00e9zieux-Bouth\u00e9on ce que vous cherchiez ?<\/p>\n\n\n\n<h2 class=\"wp-block-heading\"><a href=\"https:\/\/www.infomedia42.com\/orion\/ateliers\/liste-des-ateliers\/ateliers-saint-just-saint-rambert\/\">Ateliers \u00e0 Saint Just-Saint Rambert<\/a>      <a href=\"https:\/\/www.infomedia42.com\/orion\/ateliers\/liste-des-ateliers\/ateliers-saint-marcellin\/\">Ateliers \u00e0 Saint Marcellin en Forez<\/a><\/h2>\n\n\n\n<hr class=\"wp-block-separator has-text-color has-vivid-cyan-blue-color has-css-opacity has-vivid-cyan-blue-background-color has-background is-style-wide\"\/>\n\n\n\n<p class=\"has-white-color has-text-color\">Infomedia42.com &#8211; l&rsquo;informatique pour tous \u00e0 Andr\u00e9zieux-Bouth\u00e9on, Saint Just-Saint Rambert, Saint Marcellin en Forez<\/p>\n\n\n\n<p class=\"has-white-color has-text-color\">InfoMedia, votre association,  votre club,  pour l&rsquo;initiation \u00e0 l&rsquo;informatique et au multimedia : <br>Bureautique, Internet, facebook, Conception et impression 3D, num\u00e9risation, montage vid\u00e9o, retouche photo, club photo, MAC, Raspberry<\/p>\n","protected":false},"excerpt":{"rendered":"<p>Adresse : Gare d&rsquo;Andr\u00e9zieux, voici l&rsquo;acc\u00e8s \u00e0 la salle 1. On acc\u00e8de \u00e0 la salle 2 par le quai ! Pas trouv\u00e9 \u00e0 Andr\u00e9zieux-Bouth\u00e9on ce que vous cherchiez ? Ateliers \u00e0 Saint Just-Saint Rambert Ateliers \u00e0 Saint Marcellin en Forez Infomedia42.com &#8211; l&rsquo;informatique pour tous \u00e0 Andr\u00e9zieux-Bouth\u00e9on, Saint Just-Saint Rambert, Saint Marcellin en Forez InfoMedia, [&hellip;]<\/p>\n","protected":false},"author":1,"featured_media":0,"parent":303,"menu_order":0,"comment_status":"closed","ping_status":"closed","template":"","meta":{"footnotes":"","_links_to":"","_links_to_target":""},"class_list":["post-219","page","type-page","status-publish","czr-hentry"],"yoast_head":"<!-- This site is optimized with the Yoast SEO plugin v27.4 - https:\/\/yoast.com\/product\/yoast-seo-wordpress\/ -->\n<title>Ateliers Andr\u00e9zieux 2025-2026 - InfoMedia-L&#039;informatique pour tous<\/title>\n<meta name=\"robots\" content=\"index, follow, max-snippet:-1, max-image-preview:large, max-video-preview:-1\" \/>\n<link rel=\"canonical\" href=\"https:\/\/www.infomedia42.com\/orion\/ateliers\/liste-des-ateliers\/ateliers-andrezieux\/\" \/>\n<meta property=\"og:locale\" content=\"fr_FR\" \/>\n<meta property=\"og:type\" content=\"article\" \/>\n<meta property=\"og:title\" content=\"Ateliers Andr\u00e9zieux 2025-2026 - InfoMedia-L&#039;informatique pour tous\" \/>\n<meta property=\"og:description\" content=\"Adresse : Gare d&rsquo;Andr\u00e9zieux, voici l&rsquo;acc\u00e8s \u00e0 la salle 1. On acc\u00e8de \u00e0 la salle 2 par le quai ! Pas trouv\u00e9 \u00e0 Andr\u00e9zieux-Bouth\u00e9on ce que vous cherchiez ? Ateliers \u00e0 Saint Just-Saint Rambert Ateliers \u00e0 Saint Marcellin en Forez Infomedia42.com &#8211; l&rsquo;informatique pour tous \u00e0 Andr\u00e9zieux-Bouth\u00e9on, Saint Just-Saint Rambert, Saint Marcellin en Forez InfoMedia, [&hellip;]\" \/>\n<meta property=\"og:url\" content=\"https:\/\/www.infomedia42.com\/orion\/ateliers\/liste-des-ateliers\/ateliers-andrezieux\/\" \/>\n<meta property=\"og:site_name\" content=\"InfoMedia-L&#039;informatique pour tous\" \/>\n<meta property=\"article:modified_time\" content=\"2025-12-17T21:05:41+00:00\" \/>\n<meta property=\"og:image\" content=\"https:\/\/www.infomedia42.com\/orion\/wp-content\/uploads\/2025\/03\/Gare-Andrezieux-salle-1.jpg\" \/>\n\t<meta property=\"og:image:width\" content=\"1183\" \/>\n\t<meta property=\"og:image:height\" content=\"730\" \/>\n\t<meta property=\"og:image:type\" content=\"image\/jpeg\" \/>\n<meta name=\"twitter:card\" content=\"summary_large_image\" \/>\n<meta name=\"twitter:label1\" content=\"Dur\u00e9e de lecture estim\u00e9e\" \/>\n\t<meta name=\"twitter:data1\" content=\"1 minute\" \/>\n<script type=\"application\/ld+json\" class=\"yoast-schema-graph\">{\"@context\":\"https:\\\/\\\/schema.org\",\"@graph\":[{\"@type\":\"WebPage\",\"@id\":\"https:\\\/\\\/www.infomedia42.com\\\/orion\\\/ateliers\\\/liste-des-ateliers\\\/ateliers-andrezieux\\\/\",\"url\":\"https:\\\/\\\/www.infomedia42.com\\\/orion\\\/ateliers\\\/liste-des-ateliers\\\/ateliers-andrezieux\\\/\",\"name\":\"Ateliers Andr\u00e9zieux 2025-2026 - InfoMedia-L&#039;informatique pour tous\",\"isPartOf\":{\"@id\":\"https:\\\/\\\/www.infomedia42.com\\\/orion\\\/#website\"},\"primaryImageOfPage\":{\"@id\":\"https:\\\/\\\/www.infomedia42.com\\\/orion\\\/ateliers\\\/liste-des-ateliers\\\/ateliers-andrezieux\\\/#primaryimage\"},\"image\":{\"@id\":\"https:\\\/\\\/www.infomedia42.com\\\/orion\\\/ateliers\\\/liste-des-ateliers\\\/ateliers-andrezieux\\\/#primaryimage\"},\"thumbnailUrl\":\"https:\\\/\\\/www.infomedia42.com\\\/orion\\\/wp-content\\\/uploads\\\/2025\\\/03\\\/Gare-Andrezieux-salle-1-1024x632.jpg\",\"datePublished\":\"2022-02-13T12:07:31+00:00\",\"dateModified\":\"2025-12-17T21:05:41+00:00\",\"breadcrumb\":{\"@id\":\"https:\\\/\\\/www.infomedia42.com\\\/orion\\\/ateliers\\\/liste-des-ateliers\\\/ateliers-andrezieux\\\/#breadcrumb\"},\"inLanguage\":\"fr-FR\",\"potentialAction\":[{\"@type\":\"ReadAction\",\"target\":[\"https:\\\/\\\/www.infomedia42.com\\\/orion\\\/ateliers\\\/liste-des-ateliers\\\/ateliers-andrezieux\\\/\"]}]},{\"@type\":\"ImageObject\",\"inLanguage\":\"fr-FR\",\"@id\":\"https:\\\/\\\/www.infomedia42.com\\\/orion\\\/ateliers\\\/liste-des-ateliers\\\/ateliers-andrezieux\\\/#primaryimage\",\"url\":\"https:\\\/\\\/www.infomedia42.com\\\/orion\\\/wp-content\\\/uploads\\\/2025\\\/03\\\/Gare-Andrezieux-salle-1.jpg\",\"contentUrl\":\"https:\\\/\\\/www.infomedia42.com\\\/orion\\\/wp-content\\\/uploads\\\/2025\\\/03\\\/Gare-Andrezieux-salle-1.jpg\",\"width\":1183,\"height\":730},{\"@type\":\"BreadcrumbList\",\"@id\":\"https:\\\/\\\/www.infomedia42.com\\\/orion\\\/ateliers\\\/liste-des-ateliers\\\/ateliers-andrezieux\\\/#breadcrumb\",\"itemListElement\":[{\"@type\":\"ListItem\",\"position\":1,\"name\":\"Accueil\",\"item\":\"https:\\\/\\\/www.infomedia42.com\\\/orion\\\/\"},{\"@type\":\"ListItem\",\"position\":2,\"name\":\"Ateliers\",\"item\":\"https:\\\/\\\/www.infomedia42.com\\\/orion\\\/ateliers\\\/\"},{\"@type\":\"ListItem\",\"position\":3,\"name\":\"Liste des ateliers\",\"item\":\"https:\\\/\\\/www.infomedia42.com\\\/orion\\\/ateliers\\\/liste-des-ateliers\\\/\"},{\"@type\":\"ListItem\",\"position\":4,\"name\":\"Ateliers Andr\u00e9zieux 2025-2026\"}]},{\"@type\":\"WebSite\",\"@id\":\"https:\\\/\\\/www.infomedia42.com\\\/orion\\\/#website\",\"url\":\"https:\\\/\\\/www.infomedia42.com\\\/orion\\\/\",\"name\":\"InfoMedia-L&#039;informatique pour tous\",\"description\":\"Site de l&#039;association InfoMedia\",\"publisher\":{\"@id\":\"https:\\\/\\\/www.infomedia42.com\\\/orion\\\/#organization\"},\"potentialAction\":[{\"@type\":\"SearchAction\",\"target\":{\"@type\":\"EntryPoint\",\"urlTemplate\":\"https:\\\/\\\/www.infomedia42.com\\\/orion\\\/?s={search_term_string}\"},\"query-input\":{\"@type\":\"PropertyValueSpecification\",\"valueRequired\":true,\"valueName\":\"search_term_string\"}}],\"inLanguage\":\"fr-FR\"},{\"@type\":\"Organization\",\"@id\":\"https:\\\/\\\/www.infomedia42.com\\\/orion\\\/#organization\",\"name\":\"InfoMedia-L&#039;informatique pour tous\",\"url\":\"https:\\\/\\\/www.infomedia42.com\\\/orion\\\/\",\"logo\":{\"@type\":\"ImageObject\",\"inLanguage\":\"fr-FR\",\"@id\":\"https:\\\/\\\/www.infomedia42.com\\\/orion\\\/#\\\/schema\\\/logo\\\/image\\\/\",\"url\":\"https:\\\/\\\/www.infomedia42.com\\\/orion\\\/wp-content\\\/uploads\\\/2024\\\/01\\\/cropped-Logodyn3secondes.gif\",\"contentUrl\":\"https:\\\/\\\/www.infomedia42.com\\\/orion\\\/wp-content\\\/uploads\\\/2024\\\/01\\\/cropped-Logodyn3secondes.gif\",\"width\":290,\"height\":290,\"caption\":\"InfoMedia-L&#039;informatique pour tous\"},\"image\":{\"@id\":\"https:\\\/\\\/www.infomedia42.com\\\/orion\\\/#\\\/schema\\\/logo\\\/image\\\/\"}}]}<\/script>\n<!-- \/ Yoast SEO plugin. -->","yoast_head_json":{"title":"Ateliers Andr\u00e9zieux 2025-2026 - InfoMedia-L&#039;informatique pour tous","robots":{"index":"index","follow":"follow","max-snippet":"max-snippet:-1","max-image-preview":"max-image-preview:large","max-video-preview":"max-video-preview:-1"},"canonical":"https:\/\/www.infomedia42.com\/orion\/ateliers\/liste-des-ateliers\/ateliers-andrezieux\/","og_locale":"fr_FR","og_type":"article","og_title":"Ateliers Andr\u00e9zieux 2025-2026 - InfoMedia-L&#039;informatique pour tous","og_description":"Adresse : Gare d&rsquo;Andr\u00e9zieux, voici l&rsquo;acc\u00e8s \u00e0 la salle 1. On acc\u00e8de \u00e0 la salle 2 par le quai ! Pas trouv\u00e9 \u00e0 Andr\u00e9zieux-Bouth\u00e9on ce que vous cherchiez ? Ateliers \u00e0 Saint Just-Saint Rambert Ateliers \u00e0 Saint Marcellin en Forez Infomedia42.com &#8211; l&rsquo;informatique pour tous \u00e0 Andr\u00e9zieux-Bouth\u00e9on, Saint Just-Saint Rambert, Saint Marcellin en Forez InfoMedia, [&hellip;]","og_url":"https:\/\/www.infomedia42.com\/orion\/ateliers\/liste-des-ateliers\/ateliers-andrezieux\/","og_site_name":"InfoMedia-L&#039;informatique pour tous","article_modified_time":"2025-12-17T21:05:41+00:00","og_image":[{"width":1183,"height":730,"url":"https:\/\/www.infomedia42.com\/orion\/wp-content\/uploads\/2025\/03\/Gare-Andrezieux-salle-1.jpg","type":"image\/jpeg"}],"twitter_card":"summary_large_image","twitter_misc":{"Dur\u00e9e de lecture estim\u00e9e":"1 minute"},"schema":{"@context":"https:\/\/schema.org","@graph":[{"@type":"WebPage","@id":"https:\/\/www.infomedia42.com\/orion\/ateliers\/liste-des-ateliers\/ateliers-andrezieux\/","url":"https:\/\/www.infomedia42.com\/orion\/ateliers\/liste-des-ateliers\/ateliers-andrezieux\/","name":"Ateliers Andr\u00e9zieux 2025-2026 - InfoMedia-L&#039;informatique pour tous","isPartOf":{"@id":"https:\/\/www.infomedia42.com\/orion\/#website"},"primaryImageOfPage":{"@id":"https:\/\/www.infomedia42.com\/orion\/ateliers\/liste-des-ateliers\/ateliers-andrezieux\/#primaryimage"},"image":{"@id":"https:\/\/www.infomedia42.com\/orion\/ateliers\/liste-des-ateliers\/ateliers-andrezieux\/#primaryimage"},"thumbnailUrl":"https:\/\/www.infomedia42.com\/orion\/wp-content\/uploads\/2025\/03\/Gare-Andrezieux-salle-1-1024x632.jpg","datePublished":"2022-02-13T12:07:31+00:00","dateModified":"2025-12-17T21:05:41+00:00","breadcrumb":{"@id":"https:\/\/www.infomedia42.com\/orion\/ateliers\/liste-des-ateliers\/ateliers-andrezieux\/#breadcrumb"},"inLanguage":"fr-FR","potentialAction":[{"@type":"ReadAction","target":["https:\/\/www.infomedia42.com\/orion\/ateliers\/liste-des-ateliers\/ateliers-andrezieux\/"]}]},{"@type":"ImageObject","inLanguage":"fr-FR","@id":"https:\/\/www.infomedia42.com\/orion\/ateliers\/liste-des-ateliers\/ateliers-andrezieux\/#primaryimage","url":"https:\/\/www.infomedia42.com\/orion\/wp-content\/uploads\/2025\/03\/Gare-Andrezieux-salle-1.jpg","contentUrl":"https:\/\/www.infomedia42.com\/orion\/wp-content\/uploads\/2025\/03\/Gare-Andrezieux-salle-1.jpg","width":1183,"height":730},{"@type":"BreadcrumbList","@id":"https:\/\/www.infomedia42.com\/orion\/ateliers\/liste-des-ateliers\/ateliers-andrezieux\/#breadcrumb","itemListElement":[{"@type":"ListItem","position":1,"name":"Accueil","item":"https:\/\/www.infomedia42.com\/orion\/"},{"@type":"ListItem","position":2,"name":"Ateliers","item":"https:\/\/www.infomedia42.com\/orion\/ateliers\/"},{"@type":"ListItem","position":3,"name":"Liste des ateliers","item":"https:\/\/www.infomedia42.com\/orion\/ateliers\/liste-des-ateliers\/"},{"@type":"ListItem","position":4,"name":"Ateliers Andr\u00e9zieux 2025-2026"}]},{"@type":"WebSite","@id":"https:\/\/www.infomedia42.com\/orion\/#website","url":"https:\/\/www.infomedia42.com\/orion\/","name":"InfoMedia-L&#039;informatique pour tous","description":"Site de l&#039;association InfoMedia","publisher":{"@id":"https:\/\/www.infomedia42.com\/orion\/#organization"},"potentialAction":[{"@type":"SearchAction","target":{"@type":"EntryPoint","urlTemplate":"https:\/\/www.infomedia42.com\/orion\/?s={search_term_string}"},"query-input":{"@type":"PropertyValueSpecification","valueRequired":true,"valueName":"search_term_string"}}],"inLanguage":"fr-FR"},{"@type":"Organization","@id":"https:\/\/www.infomedia42.com\/orion\/#organization","name":"InfoMedia-L&#039;informatique pour tous","url":"https:\/\/www.infomedia42.com\/orion\/","logo":{"@type":"ImageObject","inLanguage":"fr-FR","@id":"https:\/\/www.infomedia42.com\/orion\/#\/schema\/logo\/image\/","url":"https:\/\/www.infomedia42.com\/orion\/wp-content\/uploads\/2024\/01\/cropped-Logodyn3secondes.gif","contentUrl":"https:\/\/www.infomedia42.com\/orion\/wp-content\/uploads\/2024\/01\/cropped-Logodyn3secondes.gif","width":290,"height":290,"caption":"InfoMedia-L&#039;informatique pour tous"},"image":{"@id":"https:\/\/www.infomedia42.com\/orion\/#\/schema\/logo\/image\/"}}]}},"_links":{"self":[{"href":"https:\/\/www.infomedia42.com\/orion\/wp-json\/wp\/v2\/pages\/219","targetHints":{"allow":["GET"]}}],"collection":[{"href":"https:\/\/www.infomedia42.com\/orion\/wp-json\/wp\/v2\/pages"}],"about":[{"href":"https:\/\/www.infomedia42.com\/orion\/wp-json\/wp\/v2\/types\/page"}],"author":[{"embeddable":true,"href":"https:\/\/www.infomedia42.com\/orion\/wp-json\/wp\/v2\/users\/1"}],"replies":[{"embeddable":true,"href":"https:\/\/www.infomedia42.com\/orion\/wp-json\/wp\/v2\/comments?post=219"}],"version-history":[{"count":44,"href":"https:\/\/www.infomedia42.com\/orion\/wp-json\/wp\/v2\/pages\/219\/revisions"}],"predecessor-version":[{"id":4391,"href":"https:\/\/www.infomedia42.com\/orion\/wp-json\/wp\/v2\/pages\/219\/revisions\/4391"}],"up":[{"embeddable":true,"href":"https:\/\/www.infomedia42.com\/orion\/wp-json\/wp\/v2\/pages\/303"}],"wp:attachment":[{"href":"https:\/\/www.infomedia42.com\/orion\/wp-json\/wp\/v2\/media?parent=219"}],"curies":[{"name":"wp","href":"https:\/\/api.w.org\/{rel}","templated":true}]}}