{"id":220,"date":"2022-02-13T13:06:27","date_gmt":"2022-02-13T12:06:27","guid":{"rendered":"http:\/\/www.infomedia42.com\/orion\/?page_id=220"},"modified":"2025-12-10T22:44:37","modified_gmt":"2025-12-10T21:44:37","slug":"ateliers-saint-just-saint-rambert","status":"publish","type":"page","link":"https:\/\/www.infomedia42.com\/orion\/ateliers\/liste-des-ateliers\/ateliers-saint-just-saint-rambert\/","title":{"rendered":"Ateliers \u00e0 Saint Just-Saint Rambert 2025-2026"},"content":{"rendered":"\n<p class=\"has-vivid-red-color has-text-color has-link-color has-medium-font-size wp-elements-89c0897f668c445c3bf10f2af1913c91\"><\/p>\n\n\n\n<p><\/p>\n\n\n\n<table id=\"tablepress-8\" class=\"tablepress tablepress-id-8\">\n<thead>\n<tr class=\"row-1\">\n\t<td class=\"column-1\"><\/td><th class=\"column-2\">Salle<\/th><th class=\"column-3\">Sujet<\/th><th class=\"column-4\">Animateur<\/th><th class=\"column-5\">Pr\u00e9-requis \/ \u00e0 lire<\/th><th class=\"column-6\">Remarques<\/th>\n<\/tr>\n<\/thead>\n<tbody class=\"row-striping row-hover\">\n<tr class=\"row-2\">\n\t<td class=\"column-1\"><font color=\"white\">01<\/font>Lundi 09h \u00e0 11h<\/td><td class=\"column-2\">Salle du haut<br \/>\net<br \/>\nsalle du bas<\/td><td class=\"column-3\"><br \/>\n<br \/>\nmontage vid\u00e9o avec CLIPCHAMP<\/td><td class=\"column-4\">Jacques CHOQUELLE<\/td><td class=\"column-5\"><\/td><td class=\"column-6\"><\/td>\n<\/tr>\n<tr class=\"row-3\">\n\t<td class=\"column-1\"><font color=\"white\">02<\/font>Mardi 9h30 \u00e0 11h00<\/td><td class=\"column-2\">Salle du BAS<\/td><td class=\"column-3\">Apprendre \u00e0 ma\u00eetriser son ordinateur sous Windows<\/td><td class=\"column-4\">Jean-Marie PEAULT<br \/>\net<br \/>\nPaul LAURIER<\/td><td class=\"column-5\"><a href=\"https:\/\/www.infomedia42.com\/orion\/ateliers\/programmes-des-ateliers\/fiche-atelier-jm-peault-maitriser\/\"><br \/>\nCliquez ici pour voir la fiche descriptive<\/a><\/td><td class=\"column-6\"><font color=\"red\"><B>COMPLET<\/B><\/font><br \/>\n<br \/>\n<\/td>\n<\/tr>\n<tr class=\"row-4\">\n\t<td class=\"column-1\"><font color=\"white\">02<\/font>Mardi 17h00 \u00e0 18h30<\/td><td class=\"column-2\">Salle du BAS<\/td><td class=\"column-3\">Pal\u00e9ographie<\/td><td class=\"column-4\">Marc BAYON<\/td><td class=\"column-5\">La pal\u00e9ographie est une activit\u00e9 de l'atelier Internet et G\u00e9n\u00e9alogie, anim\u00e9e une fois par mois par un agent des archives d\u00e9partementales.<br \/>\n<\/td><td class=\"column-6\"><\/td>\n<\/tr>\n<tr class=\"row-5\">\n\t<td class=\"column-1\"><font color=\"white\">02<\/font>Mardi de 18h30 \u00e0 20h30<\/td><td class=\"column-2\">Salle du HAUT<\/td><td class=\"column-3\">Impression 3D<\/td><td class=\"column-4\">Gilbert BLASSENAC<\/td><td class=\"column-5\"><\/td><td class=\"column-6\"><br \/>\n<\/td>\n<\/tr>\n<tr class=\"row-6\">\n\t<td class=\"column-1\"><font color=\"white\">03<\/font>Mercredi 14h30 \u00e0 16h30<\/td><td class=\"column-2\">Salle du HAUT<\/td><td class=\"column-3\">R\u00e9alisation d'albums  photo avec PHOTOBOX<\/td><td class=\"column-4\">V\u00e9ronique  GUILLEN<\/td><td class=\"column-5\"><a href=\"https:\/\/www.infomedia42.com\/orion\/fiche-atelier-photobox\/\"><br \/>\nCliquez ici pour voir la fiche de pr\u00e9sentation<\/a><\/td><td class=\"column-6\"><font color=\"red\"><B>NOUVEAU !<\/B><\/font><br \/>\n<br \/>\nPremier atelier le 14 janvier 2026<\/td>\n<\/tr>\n<tr class=\"row-7\">\n\t<td class=\"column-1\"><font color=\"white\">03<\/font>Mercredi 18h30 \u00e0 20h30<\/td><td class=\"column-2\">Salle du BAS<\/td><td class=\"column-3\">Club Photo<\/td><td class=\"column-4\">Freddy SCHADT<\/td><td class=\"column-5\">Cliquez ici pour voir une vid\u00e9o de pr\u00e9sentation<\/a><\/td><td class=\"column-6\"><font color=\"red\"><B>COMPLET<\/B><\/font><\/td>\n<\/tr>\n<tr class=\"row-8\">\n\t<td class=\"column-1\"><font color=\"white\">04<\/font>Jeudi 09h \u00e0 12h<\/td><td class=\"column-2\">Salle du bas <br \/>\net <br \/>\nsalle du haut<\/td><td class=\"column-3\">Internet et G\u00e9n\u00e9alogie<\/td><td class=\"column-4\">Marc BAYON<br \/>\nCharles GIRODET<br \/>\nDidier GRANGE<br \/>\nAnnie MASSARDIER<br \/>\nChristian PHILIBERT<\/td><td class=\"column-5\"><a href=\"https:\/\/www.infomedia42.com\/orion\/presentation-atelier-genealogie\/\"><br \/>\nCliquez ici pour voir une vid\u00e9o de pr\u00e9sentation<\/a><\/td><td class=\"column-6\"><font color=\"red\"><B>COMPLET<\/B><\/font><\/td>\n<\/tr>\n<tr class=\"row-9\">\n\t<td class=\"column-1\"><font color=\"white\">04<\/font>Jeudi 14h \u00e0 16h<\/td><td class=\"column-2\">Salle du haut<\/td><td class=\"column-3\">Que faire avec PHOTOSHOP Elements ?<br \/>\n<br \/>\n<\/td><td class=\"column-4\">Jean-Claude DRILLON et Peter HERGET<\/td><td class=\"column-5\"><a href=\"https:\/\/www.infomedia42.com\/orion\/video-atelier-photoshop-elements\/\"><br \/>\nCliquez ici pour voir une vid\u00e9o de pr\u00e9sentation<\/a><br \/>\n<br \/>\nVous prenez des photos avec un appareil photos ou avec un smartphone et vous <br \/>\nsouhaitez  sublimer vos images!\t<br \/>\nVous voulez r\u00e9aliser des pages d\u2019album photos <br \/>\net concevoir des montages photos\u2026\t<br \/>\nL\u2019atelierPhotoshop vous propose un cycle de formation (initiation et perfectionnement) .          <br \/>\nAvec l\u2019aide de ses animateurs vous d\u00e9couvrirez les techniques simples de traitement de l\u2019image et vous vous formerez \u00e0 leur utilisation afin de transformer vos images en photographies \u00e9poustouflantes.<br \/>\nVous d\u00e9couvrirez \u00e9galement de nombreuses astuces pour faire de vos photos les objets de montages tous plus surprenants les uns que les autres.<br \/>\n<\/td><td class=\"column-6\"><br \/>\n<\/td>\n<\/tr>\n<tr class=\"row-10\">\n\t<td class=\"column-1\"><font color=\"white\">04<\/font>Jeudi 16h30 \u00e0 19h30<\/td><td class=\"column-2\">Salle du haut<\/td><td class=\"column-3\">Num\u00e9risation photos, n\u00e9gatifs, diapos et documents opaques<br \/>\n<\/td><td class=\"column-4\">Jean-Claude DRILLON<\/td><td class=\"column-5\"><\/td><td class=\"column-6\"><\/td>\n<\/tr>\n<tr class=\"row-11\">\n\t<td class=\"column-1\"><font color=\"white\">04<\/font>Jeudi 16h30 \u00e0 19h30<br \/>\n<\/td><td class=\"column-2\">Salle du haut<\/td><td class=\"column-3\">Num\u00e9risation super 8, VHS et cassettes vid\u00e9o <\/td><td class=\"column-4\">Patrick VEY<\/td><td class=\"column-5\"><\/td><td class=\"column-6\"><br \/>\n<br \/>\n<\/td>\n<\/tr>\n<tr class=\"row-12\">\n\t<td class=\"column-1\"><font color=\"white\">05<\/font>Vendredi 09h \u00e0 11h<\/td><td class=\"column-2\">Salle du haut<br \/>\net <br \/>\nSalle du bas<\/td><td class=\"column-3\">GIMP<br \/>\n<br \/>\n GIMP est un logiciel gratuit de retouche et de cr\u00e9ation d'images num\u00e9riques.<br \/>\n<\/td><td class=\"column-4\">Gilbert BLASSENAC<br \/>\net<br \/>\nDominique SUAU<\/td><td class=\"column-5\"><a href=\"https:\/\/www.infomedia42.com\/orion\/video-atelier-gimp\/\"><br \/>\nCliquez ici pour voir une vid\u00e9o de pr\u00e9sentation<\/a><\/td><td class=\"column-6\"><\/td>\n<\/tr>\n<tr class=\"row-13\">\n\t<td class=\"column-1\"><font color=\"white\">05<\/font>Vendredi 14h30 \u00e0 16h30<\/td><td class=\"column-2\">Salle du haut<\/td><td class=\"column-3\">\"Le Club\"<\/td><td class=\"column-4\">Jacques CHOQUELLE<\/td><td class=\"column-5\">Le club propose une permanence d'entraide.<br \/>\n<br \/>\nIl propose aux animateurs et intervenants ext\u00e9rieurs un cr\u00e9neau horaire accessible pour des animations et conf\u00e9rences, annonc\u00e9es sur www.infomedia42.com<\/td><td class=\"column-6\"><\/td>\n<\/tr>\n<tr class=\"row-14\">\n\t<td class=\"column-1\"><font color=\"white\">05<\/font>Vendredi 16h30 \u00e0 18h30<\/td><td class=\"column-2\">Salle du haut<\/td><td class=\"column-3\">\"Le Club\"<\/td><td class=\"column-4\">Joseph de FRANCISCI<\/td><td class=\"column-5\">Le club propose une permanence d'entraide.<br \/>\n<br \/>\nIl propose aux animateurs et intervenants ext\u00e9rieurs un cr\u00e9neau horaire accessible pour des animations et conf\u00e9rences, annonc\u00e9es sur www.infomedia42.com<\/td><td class=\"column-6\"><\/td>\n<\/tr>\n<\/tbody>\n<\/table>\n<!-- #tablepress-8 from cache -->\n\n\n\n<figure class=\"wp-block-image size-full\"><img loading=\"lazy\" decoding=\"async\" width=\"690\" height=\"707\" src=\"https:\/\/www.infomedia42.com\/orion\/wp-content\/uploads\/2025\/03\/Acces-local-Saint-Rambert.jpg\" alt=\"\" class=\"wp-image-3779\" srcset=\"https:\/\/www.infomedia42.com\/orion\/wp-content\/uploads\/2025\/03\/Acces-local-Saint-Rambert.jpg 690w, https:\/\/www.infomedia42.com\/orion\/wp-content\/uploads\/2025\/03\/Acces-local-Saint-Rambert-293x300.jpg 293w\" sizes=\"auto, (max-width: 690px) 100vw, 690px\" \/><\/figure>\n\n\n\n<hr class=\"wp-block-separator has-text-color has-vivid-cyan-blue-color has-css-opacity has-vivid-cyan-blue-background-color has-background is-style-wide\"\/>\n\n\n\n<p>Pas trouv\u00e9 \u00e0 Saint Just-Saint Rambert ce que vous cherchiez ?<\/p>\n\n\n\n<h2 class=\"wp-block-heading has-text-color\" style=\"color:#1072ab\"><a href=\"https:\/\/www.infomedia42.com\/orion\/ateliers\/liste-des-ateliers\/ateliers-andrezieux\/\">Ateliers \u00e0 Andr\u00e9zieux-Bouth\u00e9on<\/a>        <a href=\"https:\/\/www.infomedia42.com\/orion\/ateliers\/liste-des-ateliers\/ateliers-saint-marcellin\/\">Ateliers \u00e0 Saint Marcellin en Forez<\/a><\/h2>\n\n\n\n<hr class=\"wp-block-separator has-alpha-channel-opacity\"\/>\n\n\n\n<p class=\"has-white-color has-text-color\">Infomedia42.com &#8211; l&rsquo;informatique pour tous \u00e0 Andr\u00e9zieux-Bouth\u00e9on, Saint Just-Saint Rambert, Saint Marcellin en Forez<\/p>\n\n\n\n<p class=\"has-white-color has-text-color\">InfoMedia, votre association,  votre club,  pour l&rsquo;initiation \u00e0 l&rsquo;informatique et au multimedia : <br>Bureautique, Internet, facebook, Conception et impression 3D, num\u00e9risation, montage vid\u00e9o, retouche photo, club photo, MAC, Raspberry<\/p>\n","protected":false},"excerpt":{"rendered":"<p>Pas trouv\u00e9 \u00e0 Saint Just-Saint Rambert ce que vous cherchiez ? Ateliers \u00e0 Andr\u00e9zieux-Bouth\u00e9on Ateliers \u00e0 Saint Marcellin en Forez Infomedia42.com &#8211; l&rsquo;informatique pour tous \u00e0 Andr\u00e9zieux-Bouth\u00e9on, Saint Just-Saint Rambert, Saint Marcellin en Forez InfoMedia, votre association, votre club, pour l&rsquo;initiation \u00e0 l&rsquo;informatique et au multimedia : Bureautique, Internet, facebook, Conception et impression 3D, num\u00e9risation, [&hellip;]<\/p>\n","protected":false},"author":1,"featured_media":0,"parent":303,"menu_order":0,"comment_status":"closed","ping_status":"closed","template":"","meta":{"footnotes":"","_links_to":"","_links_to_target":""},"class_list":["post-220","page","type-page","status-publish","czr-hentry"],"yoast_head":"<!-- This site is optimized with the Yoast SEO plugin v27.4 - https:\/\/yoast.com\/product\/yoast-seo-wordpress\/ -->\n<title>Ateliers \u00e0 Saint Just-Saint Rambert 2025-2026 - InfoMedia-L&#039;informatique pour tous<\/title>\n<meta name=\"robots\" content=\"index, follow, max-snippet:-1, max-image-preview:large, max-video-preview:-1\" \/>\n<link rel=\"canonical\" href=\"https:\/\/www.infomedia42.com\/orion\/ateliers\/liste-des-ateliers\/ateliers-saint-just-saint-rambert\/\" \/>\n<meta property=\"og:locale\" content=\"fr_FR\" \/>\n<meta property=\"og:type\" content=\"article\" \/>\n<meta property=\"og:title\" content=\"Ateliers \u00e0 Saint Just-Saint Rambert 2025-2026 - InfoMedia-L&#039;informatique pour tous\" \/>\n<meta property=\"og:description\" content=\"Pas trouv\u00e9 \u00e0 Saint Just-Saint Rambert ce que vous cherchiez ? Ateliers \u00e0 Andr\u00e9zieux-Bouth\u00e9on Ateliers \u00e0 Saint Marcellin en Forez Infomedia42.com &#8211; l&rsquo;informatique pour tous \u00e0 Andr\u00e9zieux-Bouth\u00e9on, Saint Just-Saint Rambert, Saint Marcellin en Forez InfoMedia, votre association, votre club, pour l&rsquo;initiation \u00e0 l&rsquo;informatique et au multimedia : Bureautique, Internet, facebook, Conception et impression 3D, num\u00e9risation, [&hellip;]\" \/>\n<meta property=\"og:url\" content=\"https:\/\/www.infomedia42.com\/orion\/ateliers\/liste-des-ateliers\/ateliers-saint-just-saint-rambert\/\" \/>\n<meta property=\"og:site_name\" content=\"InfoMedia-L&#039;informatique pour tous\" \/>\n<meta property=\"article:modified_time\" content=\"2025-12-10T21:44:37+00:00\" \/>\n<meta property=\"og:image\" content=\"https:\/\/www.infomedia42.com\/orion\/wp-content\/uploads\/2025\/03\/Acces-local-Saint-Rambert.jpg\" \/>\n\t<meta property=\"og:image:width\" content=\"690\" \/>\n\t<meta property=\"og:image:height\" content=\"707\" \/>\n\t<meta property=\"og:image:type\" content=\"image\/jpeg\" \/>\n<meta name=\"twitter:card\" content=\"summary_large_image\" \/>\n<meta name=\"twitter:label1\" content=\"Dur\u00e9e de lecture estim\u00e9e\" \/>\n\t<meta name=\"twitter:data1\" content=\"1 minute\" \/>\n<script type=\"application\/ld+json\" class=\"yoast-schema-graph\">{\"@context\":\"https:\\\/\\\/schema.org\",\"@graph\":[{\"@type\":\"WebPage\",\"@id\":\"https:\\\/\\\/www.infomedia42.com\\\/orion\\\/ateliers\\\/liste-des-ateliers\\\/ateliers-saint-just-saint-rambert\\\/\",\"url\":\"https:\\\/\\\/www.infomedia42.com\\\/orion\\\/ateliers\\\/liste-des-ateliers\\\/ateliers-saint-just-saint-rambert\\\/\",\"name\":\"Ateliers \u00e0 Saint Just-Saint Rambert 2025-2026 - InfoMedia-L&#039;informatique pour tous\",\"isPartOf\":{\"@id\":\"https:\\\/\\\/www.infomedia42.com\\\/orion\\\/#website\"},\"primaryImageOfPage\":{\"@id\":\"https:\\\/\\\/www.infomedia42.com\\\/orion\\\/ateliers\\\/liste-des-ateliers\\\/ateliers-saint-just-saint-rambert\\\/#primaryimage\"},\"image\":{\"@id\":\"https:\\\/\\\/www.infomedia42.com\\\/orion\\\/ateliers\\\/liste-des-ateliers\\\/ateliers-saint-just-saint-rambert\\\/#primaryimage\"},\"thumbnailUrl\":\"https:\\\/\\\/www.infomedia42.com\\\/orion\\\/wp-content\\\/uploads\\\/2025\\\/03\\\/Acces-local-Saint-Rambert.jpg\",\"datePublished\":\"2022-02-13T12:06:27+00:00\",\"dateModified\":\"2025-12-10T21:44:37+00:00\",\"breadcrumb\":{\"@id\":\"https:\\\/\\\/www.infomedia42.com\\\/orion\\\/ateliers\\\/liste-des-ateliers\\\/ateliers-saint-just-saint-rambert\\\/#breadcrumb\"},\"inLanguage\":\"fr-FR\",\"potentialAction\":[{\"@type\":\"ReadAction\",\"target\":[\"https:\\\/\\\/www.infomedia42.com\\\/orion\\\/ateliers\\\/liste-des-ateliers\\\/ateliers-saint-just-saint-rambert\\\/\"]}]},{\"@type\":\"ImageObject\",\"inLanguage\":\"fr-FR\",\"@id\":\"https:\\\/\\\/www.infomedia42.com\\\/orion\\\/ateliers\\\/liste-des-ateliers\\\/ateliers-saint-just-saint-rambert\\\/#primaryimage\",\"url\":\"https:\\\/\\\/www.infomedia42.com\\\/orion\\\/wp-content\\\/uploads\\\/2025\\\/03\\\/Acces-local-Saint-Rambert.jpg\",\"contentUrl\":\"https:\\\/\\\/www.infomedia42.com\\\/orion\\\/wp-content\\\/uploads\\\/2025\\\/03\\\/Acces-local-Saint-Rambert.jpg\",\"width\":690,\"height\":707},{\"@type\":\"BreadcrumbList\",\"@id\":\"https:\\\/\\\/www.infomedia42.com\\\/orion\\\/ateliers\\\/liste-des-ateliers\\\/ateliers-saint-just-saint-rambert\\\/#breadcrumb\",\"itemListElement\":[{\"@type\":\"ListItem\",\"position\":1,\"name\":\"Accueil\",\"item\":\"https:\\\/\\\/www.infomedia42.com\\\/orion\\\/\"},{\"@type\":\"ListItem\",\"position\":2,\"name\":\"Ateliers\",\"item\":\"https:\\\/\\\/www.infomedia42.com\\\/orion\\\/ateliers\\\/\"},{\"@type\":\"ListItem\",\"position\":3,\"name\":\"Liste des ateliers\",\"item\":\"https:\\\/\\\/www.infomedia42.com\\\/orion\\\/ateliers\\\/liste-des-ateliers\\\/\"},{\"@type\":\"ListItem\",\"position\":4,\"name\":\"Ateliers \u00e0 Saint Just-Saint Rambert 2025-2026\"}]},{\"@type\":\"WebSite\",\"@id\":\"https:\\\/\\\/www.infomedia42.com\\\/orion\\\/#website\",\"url\":\"https:\\\/\\\/www.infomedia42.com\\\/orion\\\/\",\"name\":\"InfoMedia-L&#039;informatique pour tous\",\"description\":\"Site de l&#039;association InfoMedia\",\"publisher\":{\"@id\":\"https:\\\/\\\/www.infomedia42.com\\\/orion\\\/#organization\"},\"potentialAction\":[{\"@type\":\"SearchAction\",\"target\":{\"@type\":\"EntryPoint\",\"urlTemplate\":\"https:\\\/\\\/www.infomedia42.com\\\/orion\\\/?s={search_term_string}\"},\"query-input\":{\"@type\":\"PropertyValueSpecification\",\"valueRequired\":true,\"valueName\":\"search_term_string\"}}],\"inLanguage\":\"fr-FR\"},{\"@type\":\"Organization\",\"@id\":\"https:\\\/\\\/www.infomedia42.com\\\/orion\\\/#organization\",\"name\":\"InfoMedia-L&#039;informatique pour tous\",\"url\":\"https:\\\/\\\/www.infomedia42.com\\\/orion\\\/\",\"logo\":{\"@type\":\"ImageObject\",\"inLanguage\":\"fr-FR\",\"@id\":\"https:\\\/\\\/www.infomedia42.com\\\/orion\\\/#\\\/schema\\\/logo\\\/image\\\/\",\"url\":\"https:\\\/\\\/www.infomedia42.com\\\/orion\\\/wp-content\\\/uploads\\\/2024\\\/01\\\/cropped-Logodyn3secondes.gif\",\"contentUrl\":\"https:\\\/\\\/www.infomedia42.com\\\/orion\\\/wp-content\\\/uploads\\\/2024\\\/01\\\/cropped-Logodyn3secondes.gif\",\"width\":290,\"height\":290,\"caption\":\"InfoMedia-L&#039;informatique pour tous\"},\"image\":{\"@id\":\"https:\\\/\\\/www.infomedia42.com\\\/orion\\\/#\\\/schema\\\/logo\\\/image\\\/\"}}]}<\/script>\n<!-- \/ Yoast SEO plugin. -->","yoast_head_json":{"title":"Ateliers \u00e0 Saint Just-Saint Rambert 2025-2026 - InfoMedia-L&#039;informatique pour tous","robots":{"index":"index","follow":"follow","max-snippet":"max-snippet:-1","max-image-preview":"max-image-preview:large","max-video-preview":"max-video-preview:-1"},"canonical":"https:\/\/www.infomedia42.com\/orion\/ateliers\/liste-des-ateliers\/ateliers-saint-just-saint-rambert\/","og_locale":"fr_FR","og_type":"article","og_title":"Ateliers \u00e0 Saint Just-Saint Rambert 2025-2026 - InfoMedia-L&#039;informatique pour tous","og_description":"Pas trouv\u00e9 \u00e0 Saint Just-Saint Rambert ce que vous cherchiez ? Ateliers \u00e0 Andr\u00e9zieux-Bouth\u00e9on Ateliers \u00e0 Saint Marcellin en Forez Infomedia42.com &#8211; l&rsquo;informatique pour tous \u00e0 Andr\u00e9zieux-Bouth\u00e9on, Saint Just-Saint Rambert, Saint Marcellin en Forez InfoMedia, votre association, votre club, pour l&rsquo;initiation \u00e0 l&rsquo;informatique et au multimedia : Bureautique, Internet, facebook, Conception et impression 3D, num\u00e9risation, [&hellip;]","og_url":"https:\/\/www.infomedia42.com\/orion\/ateliers\/liste-des-ateliers\/ateliers-saint-just-saint-rambert\/","og_site_name":"InfoMedia-L&#039;informatique pour tous","article_modified_time":"2025-12-10T21:44:37+00:00","og_image":[{"width":690,"height":707,"url":"https:\/\/www.infomedia42.com\/orion\/wp-content\/uploads\/2025\/03\/Acces-local-Saint-Rambert.jpg","type":"image\/jpeg"}],"twitter_card":"summary_large_image","twitter_misc":{"Dur\u00e9e de lecture estim\u00e9e":"1 minute"},"schema":{"@context":"https:\/\/schema.org","@graph":[{"@type":"WebPage","@id":"https:\/\/www.infomedia42.com\/orion\/ateliers\/liste-des-ateliers\/ateliers-saint-just-saint-rambert\/","url":"https:\/\/www.infomedia42.com\/orion\/ateliers\/liste-des-ateliers\/ateliers-saint-just-saint-rambert\/","name":"Ateliers \u00e0 Saint Just-Saint Rambert 2025-2026 - InfoMedia-L&#039;informatique pour tous","isPartOf":{"@id":"https:\/\/www.infomedia42.com\/orion\/#website"},"primaryImageOfPage":{"@id":"https:\/\/www.infomedia42.com\/orion\/ateliers\/liste-des-ateliers\/ateliers-saint-just-saint-rambert\/#primaryimage"},"image":{"@id":"https:\/\/www.infomedia42.com\/orion\/ateliers\/liste-des-ateliers\/ateliers-saint-just-saint-rambert\/#primaryimage"},"thumbnailUrl":"https:\/\/www.infomedia42.com\/orion\/wp-content\/uploads\/2025\/03\/Acces-local-Saint-Rambert.jpg","datePublished":"2022-02-13T12:06:27+00:00","dateModified":"2025-12-10T21:44:37+00:00","breadcrumb":{"@id":"https:\/\/www.infomedia42.com\/orion\/ateliers\/liste-des-ateliers\/ateliers-saint-just-saint-rambert\/#breadcrumb"},"inLanguage":"fr-FR","potentialAction":[{"@type":"ReadAction","target":["https:\/\/www.infomedia42.com\/orion\/ateliers\/liste-des-ateliers\/ateliers-saint-just-saint-rambert\/"]}]},{"@type":"ImageObject","inLanguage":"fr-FR","@id":"https:\/\/www.infomedia42.com\/orion\/ateliers\/liste-des-ateliers\/ateliers-saint-just-saint-rambert\/#primaryimage","url":"https:\/\/www.infomedia42.com\/orion\/wp-content\/uploads\/2025\/03\/Acces-local-Saint-Rambert.jpg","contentUrl":"https:\/\/www.infomedia42.com\/orion\/wp-content\/uploads\/2025\/03\/Acces-local-Saint-Rambert.jpg","width":690,"height":707},{"@type":"BreadcrumbList","@id":"https:\/\/www.infomedia42.com\/orion\/ateliers\/liste-des-ateliers\/ateliers-saint-just-saint-rambert\/#breadcrumb","itemListElement":[{"@type":"ListItem","position":1,"name":"Accueil","item":"https:\/\/www.infomedia42.com\/orion\/"},{"@type":"ListItem","position":2,"name":"Ateliers","item":"https:\/\/www.infomedia42.com\/orion\/ateliers\/"},{"@type":"ListItem","position":3,"name":"Liste des ateliers","item":"https:\/\/www.infomedia42.com\/orion\/ateliers\/liste-des-ateliers\/"},{"@type":"ListItem","position":4,"name":"Ateliers \u00e0 Saint Just-Saint Rambert 2025-2026"}]},{"@type":"WebSite","@id":"https:\/\/www.infomedia42.com\/orion\/#website","url":"https:\/\/www.infomedia42.com\/orion\/","name":"InfoMedia-L&#039;informatique pour tous","description":"Site de l&#039;association InfoMedia","publisher":{"@id":"https:\/\/www.infomedia42.com\/orion\/#organization"},"potentialAction":[{"@type":"SearchAction","target":{"@type":"EntryPoint","urlTemplate":"https:\/\/www.infomedia42.com\/orion\/?s={search_term_string}"},"query-input":{"@type":"PropertyValueSpecification","valueRequired":true,"valueName":"search_term_string"}}],"inLanguage":"fr-FR"},{"@type":"Organization","@id":"https:\/\/www.infomedia42.com\/orion\/#organization","name":"InfoMedia-L&#039;informatique pour tous","url":"https:\/\/www.infomedia42.com\/orion\/","logo":{"@type":"ImageObject","inLanguage":"fr-FR","@id":"https:\/\/www.infomedia42.com\/orion\/#\/schema\/logo\/image\/","url":"https:\/\/www.infomedia42.com\/orion\/wp-content\/uploads\/2024\/01\/cropped-Logodyn3secondes.gif","contentUrl":"https:\/\/www.infomedia42.com\/orion\/wp-content\/uploads\/2024\/01\/cropped-Logodyn3secondes.gif","width":290,"height":290,"caption":"InfoMedia-L&#039;informatique pour tous"},"image":{"@id":"https:\/\/www.infomedia42.com\/orion\/#\/schema\/logo\/image\/"}}]}},"_links":{"self":[{"href":"https:\/\/www.infomedia42.com\/orion\/wp-json\/wp\/v2\/pages\/220","targetHints":{"allow":["GET"]}}],"collection":[{"href":"https:\/\/www.infomedia42.com\/orion\/wp-json\/wp\/v2\/pages"}],"about":[{"href":"https:\/\/www.infomedia42.com\/orion\/wp-json\/wp\/v2\/types\/page"}],"author":[{"embeddable":true,"href":"https:\/\/www.infomedia42.com\/orion\/wp-json\/wp\/v2\/users\/1"}],"replies":[{"embeddable":true,"href":"https:\/\/www.infomedia42.com\/orion\/wp-json\/wp\/v2\/comments?post=220"}],"version-history":[{"count":47,"href":"https:\/\/www.infomedia42.com\/orion\/wp-json\/wp\/v2\/pages\/220\/revisions"}],"predecessor-version":[{"id":4362,"href":"https:\/\/www.infomedia42.com\/orion\/wp-json\/wp\/v2\/pages\/220\/revisions\/4362"}],"up":[{"embeddable":true,"href":"https:\/\/www.infomedia42.com\/orion\/wp-json\/wp\/v2\/pages\/303"}],"wp:attachment":[{"href":"https:\/\/www.infomedia42.com\/orion\/wp-json\/wp\/v2\/media?parent=220"}],"curies":[{"name":"wp","href":"https:\/\/api.w.org\/{rel}","templated":true}]}}