{"id":4156,"date":"2025-10-26T10:18:09","date_gmt":"2025-10-26T09:18:09","guid":{"rendered":"https:\/\/www.infomedia42.com\/orion\/?page_id=4156"},"modified":"2025-10-26T11:33:25","modified_gmt":"2025-10-26T10:33:25","slug":"verifier_eligibilite_windows_11","status":"publish","type":"page","link":"https:\/\/www.infomedia42.com\/orion\/verifier_eligibilite_windows_11\/","title":{"rendered":"V\u00e9rifier \u00e9ligibilit\u00e9 au passage \u00e0 Windows 11"},"content":{"rendered":"\n<p>Pour v\u00e9rifier si votre PC actuellement sous Windows 10 peut passer \u00e0 Windows 11, nous allons utiliser le logiciel \u00ab\u00a0PC HEALTH CHECK\u00a0\u00bb de Microsoft. Nous allons expliquer ici comment le t\u00e9l\u00e9charger, l&rsquo;installer et l&rsquo;utiliser.<\/p>\n\n\n\n<p>Il faudra d&rsquo;abord se rendre sur la page d\u00e9di\u00e9e de microsoft, que nous allons ouvrir pour vous dans un nouvel onglet (vous pourrez revenir ici pour suivre les explications) :<\/p>\n\n\n\n<p><a href=\"https:\/\/support.microsoft.com\/en-us\/windows\/how-to-use-the-pc-health-check-app-9c8abd9b-03ba-4e67-81ef-36f37caa7844\" target=\"_blank\" rel=\"noreferrer noopener\">https:\/\/support.microsoft.com\/en-us\/windows\/how-to-use-the-pc-health-check-app-9c8abd9b-03ba-4e67-81ef-36f37caa7844<\/a><\/p>\n\n\n\n<p>La page apparait en anglais, mais une petite fen\u00eatre dans votre navigateur devrait vous proposer la traduction en fran\u00e7ais : n&rsquo;h\u00e9sitez pas !<\/p>\n\n\n\n<p>Et, en anglais ou en fran\u00e7ais, pas besoin de tout lire, cliquez sur le lien montr\u00e9 ci-dessous :<\/p>\n\n\n\n<figure class=\"wp-block-image size-full\"><img loading=\"lazy\" decoding=\"async\" width=\"1018\" height=\"476\" src=\"https:\/\/www.infomedia42.com\/orion\/wp-content\/uploads\/2025\/10\/Lien-aka-telechargement.png\" alt=\"\" class=\"wp-image-4177\" srcset=\"https:\/\/www.infomedia42.com\/orion\/wp-content\/uploads\/2025\/10\/Lien-aka-telechargement.png 1018w, https:\/\/www.infomedia42.com\/orion\/wp-content\/uploads\/2025\/10\/Lien-aka-telechargement-300x140.png 300w, https:\/\/www.infomedia42.com\/orion\/wp-content\/uploads\/2025\/10\/Lien-aka-telechargement-768x359.png 768w\" sizes=\"auto, (max-width: 1018px) 100vw, 1018px\" \/><\/figure>\n\n\n\n<p>En cliquant sur ce lien, vous n&rsquo;allez pas ouvrir une fen\u00eatre, mais d\u00e9clencher le t\u00e9l\u00e9chargement d&rsquo;un fichier WindowsPCHealthCheck.msi<\/p>\n\n\n\n<p>D\u00e8s qu&rsquo;il apparait, vous pouvez cliquer sur le lien \u00ab\u00a0Ouvrir un fichier\u00a0\u00bb dans la petite fen\u00eatre qui annonce le t\u00e9l\u00e9chargement.<\/p>\n\n\n\n<p>Pas de probl\u00e8me si vous avez laiss\u00e9 la fen\u00eatre se fermer sans avoir cliqu\u00e9 sur \u00ab\u00a0Ouvrir un fichier\u00a0\u00bb, vous pourrez retrouver le fichier dans votre dossier \u00ab\u00a0T\u00e9l\u00e9chargements\u00a0\u00bb, et il vous suffira de faire un double clic dessus pour obtenir le m\u00eame r\u00e9sultat.<\/p>\n\n\n\n<figure class=\"wp-block-image size-full\"><img loading=\"lazy\" decoding=\"async\" width=\"820\" height=\"191\" src=\"https:\/\/www.infomedia42.com\/orion\/wp-content\/uploads\/2025\/10\/Capture-PCHEALTH-CHECK-dans-Telechargements.png\" alt=\"\" class=\"wp-image-4162\" srcset=\"https:\/\/www.infomedia42.com\/orion\/wp-content\/uploads\/2025\/10\/Capture-PCHEALTH-CHECK-dans-Telechargements.png 820w, https:\/\/www.infomedia42.com\/orion\/wp-content\/uploads\/2025\/10\/Capture-PCHEALTH-CHECK-dans-Telechargements-300x70.png 300w, https:\/\/www.infomedia42.com\/orion\/wp-content\/uploads\/2025\/10\/Capture-PCHEALTH-CHECK-dans-Telechargements-768x179.png 768w\" sizes=\"auto, (max-width: 820px) 100vw, 820px\" \/><\/figure>\n\n\n\n<p>Le double clic sur ce fichier donnera :<\/p>\n\n\n\n<figure class=\"wp-block-image size-full\"><img loading=\"lazy\" decoding=\"async\" width=\"504\" height=\"389\" src=\"https:\/\/www.infomedia42.com\/orion\/wp-content\/uploads\/2025\/10\/PC-HEALTH-CHECK-1-Capture.png\" alt=\"\" class=\"wp-image-4164\" srcset=\"https:\/\/www.infomedia42.com\/orion\/wp-content\/uploads\/2025\/10\/PC-HEALTH-CHECK-1-Capture.png 504w, https:\/\/www.infomedia42.com\/orion\/wp-content\/uploads\/2025\/10\/PC-HEALTH-CHECK-1-Capture-300x232.png 300w\" sizes=\"auto, (max-width: 504px) 100vw, 504px\" \/><\/figure>\n\n\n\n<p>Cochez la case \u00ab\u00a0J&rsquo;accepte les termes du contrat de licence\u00a0\u00bb, cliquez sur le bouton installer qui va apparaitre.<\/p>\n\n\n\n<p>Apr\u00e8s l&rsquo;installation, vous obtiendrez une fen\u00eatre dans laquelle vous cocherez les 2 cases propos\u00e9es<\/p>\n\n\n\n<figure class=\"wp-block-image size-full\"><img loading=\"lazy\" decoding=\"async\" width=\"502\" height=\"392\" src=\"https:\/\/www.infomedia42.com\/orion\/wp-content\/uploads\/2025\/10\/PC-HEALTH-CHECK-2-Capture.png\" alt=\"\" class=\"wp-image-4165\" srcset=\"https:\/\/www.infomedia42.com\/orion\/wp-content\/uploads\/2025\/10\/PC-HEALTH-CHECK-2-Capture.png 502w, https:\/\/www.infomedia42.com\/orion\/wp-content\/uploads\/2025\/10\/PC-HEALTH-CHECK-2-Capture-300x234.png 300w\" sizes=\"auto, (max-width: 502px) 100vw, 502px\" \/><\/figure>\n\n\n\n<p>L&rsquo;ex\u00e9cution va tr\u00e8s vite vous proposer des choix :<\/p>\n\n\n\n<figure class=\"wp-block-image size-full\"><img loading=\"lazy\" decoding=\"async\" width=\"898\" height=\"898\" src=\"https:\/\/www.infomedia42.com\/orion\/wp-content\/uploads\/2025\/10\/PC-HEALTH-CHECK-3-Capture.png\" alt=\"\" class=\"wp-image-4166\" srcset=\"https:\/\/www.infomedia42.com\/orion\/wp-content\/uploads\/2025\/10\/PC-HEALTH-CHECK-3-Capture.png 898w, https:\/\/www.infomedia42.com\/orion\/wp-content\/uploads\/2025\/10\/PC-HEALTH-CHECK-3-Capture-300x300.png 300w, https:\/\/www.infomedia42.com\/orion\/wp-content\/uploads\/2025\/10\/PC-HEALTH-CHECK-3-Capture-150x150.png 150w, https:\/\/www.infomedia42.com\/orion\/wp-content\/uploads\/2025\/10\/PC-HEALTH-CHECK-3-Capture-768x768.png 768w, https:\/\/www.infomedia42.com\/orion\/wp-content\/uploads\/2025\/10\/PC-HEALTH-CHECK-3-Capture-510x510.png 510w\" sizes=\"auto, (max-width: 898px) 100vw, 898px\" \/><\/figure>\n\n\n\n<p>Pour v\u00e9rifier si votre PC peut passer \u00e0 Windows 11, vous cliquerez sur le bouton \u00ab\u00a0V\u00e9rifier maintenant\u00a0\u00bb <\/p>\n\n\n\n<h2 class=\"wp-block-heading\">Voici les r\u00e9sultats sur un PC qui ne peut pas passer \u00e0 Windows 11 :<\/h2>\n\n\n\n<figure class=\"wp-block-image size-full\"><img loading=\"lazy\" decoding=\"async\" width=\"477\" height=\"390\" src=\"https:\/\/www.infomedia42.com\/orion\/wp-content\/uploads\/2025\/10\/PC-HEALTH-CHECK-4-Capture.png\" alt=\"\" class=\"wp-image-4167\" srcset=\"https:\/\/www.infomedia42.com\/orion\/wp-content\/uploads\/2025\/10\/PC-HEALTH-CHECK-4-Capture.png 477w, https:\/\/www.infomedia42.com\/orion\/wp-content\/uploads\/2025\/10\/PC-HEALTH-CHECK-4-Capture-300x245.png 300w\" sizes=\"auto, (max-width: 477px) 100vw, 477px\" \/><\/figure>\n\n\n\n<p>Cliquez sur \u00ab\u00a0Afficher tous les r\u00e9sultats\u00a0\u00bb, et vous obtiendrez :<\/p>\n\n\n\n<figure class=\"wp-block-image size-full\"><img loading=\"lazy\" decoding=\"async\" width=\"473\" height=\"429\" src=\"https:\/\/www.infomedia42.com\/orion\/wp-content\/uploads\/2025\/10\/PC-HEALTH-CHECK-5-Capture.png\" alt=\"\" class=\"wp-image-4168\" srcset=\"https:\/\/www.infomedia42.com\/orion\/wp-content\/uploads\/2025\/10\/PC-HEALTH-CHECK-5-Capture.png 473w, https:\/\/www.infomedia42.com\/orion\/wp-content\/uploads\/2025\/10\/PC-HEALTH-CHECK-5-Capture-300x272.png 300w\" sizes=\"auto, (max-width: 473px) 100vw, 473px\" \/><\/figure>\n\n\n\n<p>Si vous \u00eates curieux, vous pourrez naviguer vers les liens propos\u00e9s.<\/p>\n\n\n\n<p>Vous pourrez revenir sur le programme par le menu d\u00e9marrer ou en utilisant le lien qui a \u00e9t\u00e9 d\u00e9pos\u00e9 sur le bureau :<\/p>\n\n\n\n<figure class=\"wp-block-image size-full\"><img loading=\"lazy\" decoding=\"async\" width=\"142\" height=\"158\" src=\"https:\/\/www.infomedia42.com\/orion\/wp-content\/uploads\/2025\/10\/PC-HEALTH-CHECK-6-Capture-logo.png\" alt=\"\" class=\"wp-image-4169\"\/><\/figure>\n\n\n\n<h2 class=\"wp-block-heading\">Voici les r\u00e9sultats sur un PC qui peut passer \u00e0 Windows 11 :<\/h2>\n\n\n\n<p>Vous avez l\u00e0 la liste des exigences Windows pour Windows 11<\/p>\n\n\n\n<figure class=\"wp-block-image size-full\"><img loading=\"lazy\" decoding=\"async\" width=\"585\" height=\"560\" src=\"https:\/\/www.infomedia42.com\/orion\/wp-content\/uploads\/2025\/10\/Capture-decran-2025-10-26-111550.jpg\" alt=\"\" class=\"wp-image-4175\" srcset=\"https:\/\/www.infomedia42.com\/orion\/wp-content\/uploads\/2025\/10\/Capture-decran-2025-10-26-111550.jpg 585w, https:\/\/www.infomedia42.com\/orion\/wp-content\/uploads\/2025\/10\/Capture-decran-2025-10-26-111550-300x287.jpg 300w\" sizes=\"auto, (max-width: 585px) 100vw, 585px\" \/><\/figure>\n\n\n\n<p>&lsquo;<\/p>\n\n\n\n<figure class=\"wp-block-image size-full\"><img loading=\"lazy\" decoding=\"async\" width=\"586\" height=\"551\" src=\"https:\/\/www.infomedia42.com\/orion\/wp-content\/uploads\/2025\/10\/Capture-decran-2025-10-26-111057.jpg\" alt=\"\" class=\"wp-image-4174\" srcset=\"https:\/\/www.infomedia42.com\/orion\/wp-content\/uploads\/2025\/10\/Capture-decran-2025-10-26-111057.jpg 586w, https:\/\/www.infomedia42.com\/orion\/wp-content\/uploads\/2025\/10\/Capture-decran-2025-10-26-111057-300x282.jpg 300w\" sizes=\"auto, (max-width: 586px) 100vw, 586px\" \/><\/figure>\n","protected":false},"excerpt":{"rendered":"<p>Pour v\u00e9rifier si votre PC actuellement sous Windows 10 peut passer \u00e0 Windows 11, nous allons utiliser le logiciel \u00ab\u00a0PC HEALTH CHECK\u00a0\u00bb de Microsoft. Nous allons expliquer ici comment le t\u00e9l\u00e9charger, l&rsquo;installer et l&rsquo;utiliser. Il faudra d&rsquo;abord se rendre sur la page d\u00e9di\u00e9e de microsoft, que nous allons ouvrir pour vous dans un nouvel onglet [&hellip;]<\/p>\n","protected":false},"author":1,"featured_media":0,"parent":0,"menu_order":0,"comment_status":"closed","ping_status":"closed","template":"","meta":{"footnotes":"","_links_to":"","_links_to_target":""},"class_list":["post-4156","page","type-page","status-publish","czr-hentry"],"yoast_head":"<!-- This site is optimized with the Yoast SEO plugin v27.5 - https:\/\/yoast.com\/product\/yoast-seo-wordpress\/ -->\n<title>V\u00e9rifier \u00e9ligibilit\u00e9 au passage \u00e0 Windows 11 - InfoMedia-L&#039;informatique pour tous<\/title>\n<meta name=\"robots\" content=\"index, follow, max-snippet:-1, max-image-preview:large, max-video-preview:-1\" \/>\n<link rel=\"canonical\" href=\"https:\/\/www.infomedia42.com\/orion\/verifier_eligibilite_windows_11\/\" \/>\n<meta property=\"og:locale\" content=\"fr_FR\" \/>\n<meta property=\"og:type\" content=\"article\" \/>\n<meta property=\"og:title\" content=\"V\u00e9rifier \u00e9ligibilit\u00e9 au passage \u00e0 Windows 11 - InfoMedia-L&#039;informatique pour tous\" \/>\n<meta property=\"og:description\" content=\"Pour v\u00e9rifier si votre PC actuellement sous Windows 10 peut passer \u00e0 Windows 11, nous allons utiliser le logiciel \u00ab\u00a0PC HEALTH CHECK\u00a0\u00bb de Microsoft. Nous allons expliquer ici comment le t\u00e9l\u00e9charger, l&rsquo;installer et l&rsquo;utiliser. Il faudra d&rsquo;abord se rendre sur la page d\u00e9di\u00e9e de microsoft, que nous allons ouvrir pour vous dans un nouvel onglet [&hellip;]\" \/>\n<meta property=\"og:url\" content=\"https:\/\/www.infomedia42.com\/orion\/verifier_eligibilite_windows_11\/\" \/>\n<meta property=\"og:site_name\" content=\"InfoMedia-L&#039;informatique pour tous\" \/>\n<meta property=\"article:modified_time\" content=\"2025-10-26T10:33:25+00:00\" \/>\n<meta property=\"og:image\" content=\"https:\/\/www.infomedia42.com\/orion\/wp-content\/uploads\/2025\/10\/Lien-aka-telechargement.png\" \/>\n\t<meta property=\"og:image:width\" content=\"1018\" \/>\n\t<meta property=\"og:image:height\" content=\"476\" \/>\n\t<meta property=\"og:image:type\" content=\"image\/png\" \/>\n<meta name=\"twitter:card\" content=\"summary_large_image\" \/>\n<meta name=\"twitter:label1\" content=\"Dur\u00e9e de lecture estim\u00e9e\" \/>\n\t<meta name=\"twitter:data1\" content=\"4 minutes\" \/>\n<script type=\"application\/ld+json\" class=\"yoast-schema-graph\">{\"@context\":\"https:\\\/\\\/schema.org\",\"@graph\":[{\"@type\":\"WebPage\",\"@id\":\"https:\\\/\\\/www.infomedia42.com\\\/orion\\\/verifier_eligibilite_windows_11\\\/\",\"url\":\"https:\\\/\\\/www.infomedia42.com\\\/orion\\\/verifier_eligibilite_windows_11\\\/\",\"name\":\"V\u00e9rifier \u00e9ligibilit\u00e9 au passage \u00e0 Windows 11 - InfoMedia-L&#039;informatique pour tous\",\"isPartOf\":{\"@id\":\"https:\\\/\\\/www.infomedia42.com\\\/orion\\\/#website\"},\"primaryImageOfPage\":{\"@id\":\"https:\\\/\\\/www.infomedia42.com\\\/orion\\\/verifier_eligibilite_windows_11\\\/#primaryimage\"},\"image\":{\"@id\":\"https:\\\/\\\/www.infomedia42.com\\\/orion\\\/verifier_eligibilite_windows_11\\\/#primaryimage\"},\"thumbnailUrl\":\"https:\\\/\\\/www.infomedia42.com\\\/orion\\\/wp-content\\\/uploads\\\/2025\\\/10\\\/Lien-aka-telechargement.png\",\"datePublished\":\"2025-10-26T09:18:09+00:00\",\"dateModified\":\"2025-10-26T10:33:25+00:00\",\"breadcrumb\":{\"@id\":\"https:\\\/\\\/www.infomedia42.com\\\/orion\\\/verifier_eligibilite_windows_11\\\/#breadcrumb\"},\"inLanguage\":\"fr-FR\",\"potentialAction\":[{\"@type\":\"ReadAction\",\"target\":[\"https:\\\/\\\/www.infomedia42.com\\\/orion\\\/verifier_eligibilite_windows_11\\\/\"]}]},{\"@type\":\"ImageObject\",\"inLanguage\":\"fr-FR\",\"@id\":\"https:\\\/\\\/www.infomedia42.com\\\/orion\\\/verifier_eligibilite_windows_11\\\/#primaryimage\",\"url\":\"https:\\\/\\\/www.infomedia42.com\\\/orion\\\/wp-content\\\/uploads\\\/2025\\\/10\\\/Lien-aka-telechargement.png\",\"contentUrl\":\"https:\\\/\\\/www.infomedia42.com\\\/orion\\\/wp-content\\\/uploads\\\/2025\\\/10\\\/Lien-aka-telechargement.png\",\"width\":1018,\"height\":476},{\"@type\":\"BreadcrumbList\",\"@id\":\"https:\\\/\\\/www.infomedia42.com\\\/orion\\\/verifier_eligibilite_windows_11\\\/#breadcrumb\",\"itemListElement\":[{\"@type\":\"ListItem\",\"position\":1,\"name\":\"Accueil\",\"item\":\"https:\\\/\\\/www.infomedia42.com\\\/orion\\\/\"},{\"@type\":\"ListItem\",\"position\":2,\"name\":\"V\u00e9rifier \u00e9ligibilit\u00e9 au passage \u00e0 Windows 11\"}]},{\"@type\":\"WebSite\",\"@id\":\"https:\\\/\\\/www.infomedia42.com\\\/orion\\\/#website\",\"url\":\"https:\\\/\\\/www.infomedia42.com\\\/orion\\\/\",\"name\":\"InfoMedia-L&#039;informatique pour tous\",\"description\":\"Site de l&#039;association InfoMedia\",\"publisher\":{\"@id\":\"https:\\\/\\\/www.infomedia42.com\\\/orion\\\/#organization\"},\"potentialAction\":[{\"@type\":\"SearchAction\",\"target\":{\"@type\":\"EntryPoint\",\"urlTemplate\":\"https:\\\/\\\/www.infomedia42.com\\\/orion\\\/?s={search_term_string}\"},\"query-input\":{\"@type\":\"PropertyValueSpecification\",\"valueRequired\":true,\"valueName\":\"search_term_string\"}}],\"inLanguage\":\"fr-FR\"},{\"@type\":\"Organization\",\"@id\":\"https:\\\/\\\/www.infomedia42.com\\\/orion\\\/#organization\",\"name\":\"InfoMedia-L&#039;informatique pour tous\",\"url\":\"https:\\\/\\\/www.infomedia42.com\\\/orion\\\/\",\"logo\":{\"@type\":\"ImageObject\",\"inLanguage\":\"fr-FR\",\"@id\":\"https:\\\/\\\/www.infomedia42.com\\\/orion\\\/#\\\/schema\\\/logo\\\/image\\\/\",\"url\":\"https:\\\/\\\/www.infomedia42.com\\\/orion\\\/wp-content\\\/uploads\\\/2024\\\/01\\\/cropped-Logodyn3secondes.gif\",\"contentUrl\":\"https:\\\/\\\/www.infomedia42.com\\\/orion\\\/wp-content\\\/uploads\\\/2024\\\/01\\\/cropped-Logodyn3secondes.gif\",\"width\":290,\"height\":290,\"caption\":\"InfoMedia-L&#039;informatique pour tous\"},\"image\":{\"@id\":\"https:\\\/\\\/www.infomedia42.com\\\/orion\\\/#\\\/schema\\\/logo\\\/image\\\/\"}}]}<\/script>\n<!-- \/ Yoast SEO plugin. -->","yoast_head_json":{"title":"V\u00e9rifier \u00e9ligibilit\u00e9 au passage \u00e0 Windows 11 - InfoMedia-L&#039;informatique pour tous","robots":{"index":"index","follow":"follow","max-snippet":"max-snippet:-1","max-image-preview":"max-image-preview:large","max-video-preview":"max-video-preview:-1"},"canonical":"https:\/\/www.infomedia42.com\/orion\/verifier_eligibilite_windows_11\/","og_locale":"fr_FR","og_type":"article","og_title":"V\u00e9rifier \u00e9ligibilit\u00e9 au passage \u00e0 Windows 11 - InfoMedia-L&#039;informatique pour tous","og_description":"Pour v\u00e9rifier si votre PC actuellement sous Windows 10 peut passer \u00e0 Windows 11, nous allons utiliser le logiciel \u00ab\u00a0PC HEALTH CHECK\u00a0\u00bb de Microsoft. Nous allons expliquer ici comment le t\u00e9l\u00e9charger, l&rsquo;installer et l&rsquo;utiliser. Il faudra d&rsquo;abord se rendre sur la page d\u00e9di\u00e9e de microsoft, que nous allons ouvrir pour vous dans un nouvel onglet [&hellip;]","og_url":"https:\/\/www.infomedia42.com\/orion\/verifier_eligibilite_windows_11\/","og_site_name":"InfoMedia-L&#039;informatique pour tous","article_modified_time":"2025-10-26T10:33:25+00:00","og_image":[{"width":1018,"height":476,"url":"https:\/\/www.infomedia42.com\/orion\/wp-content\/uploads\/2025\/10\/Lien-aka-telechargement.png","type":"image\/png"}],"twitter_card":"summary_large_image","twitter_misc":{"Dur\u00e9e de lecture estim\u00e9e":"4 minutes"},"schema":{"@context":"https:\/\/schema.org","@graph":[{"@type":"WebPage","@id":"https:\/\/www.infomedia42.com\/orion\/verifier_eligibilite_windows_11\/","url":"https:\/\/www.infomedia42.com\/orion\/verifier_eligibilite_windows_11\/","name":"V\u00e9rifier \u00e9ligibilit\u00e9 au passage \u00e0 Windows 11 - InfoMedia-L&#039;informatique pour tous","isPartOf":{"@id":"https:\/\/www.infomedia42.com\/orion\/#website"},"primaryImageOfPage":{"@id":"https:\/\/www.infomedia42.com\/orion\/verifier_eligibilite_windows_11\/#primaryimage"},"image":{"@id":"https:\/\/www.infomedia42.com\/orion\/verifier_eligibilite_windows_11\/#primaryimage"},"thumbnailUrl":"https:\/\/www.infomedia42.com\/orion\/wp-content\/uploads\/2025\/10\/Lien-aka-telechargement.png","datePublished":"2025-10-26T09:18:09+00:00","dateModified":"2025-10-26T10:33:25+00:00","breadcrumb":{"@id":"https:\/\/www.infomedia42.com\/orion\/verifier_eligibilite_windows_11\/#breadcrumb"},"inLanguage":"fr-FR","potentialAction":[{"@type":"ReadAction","target":["https:\/\/www.infomedia42.com\/orion\/verifier_eligibilite_windows_11\/"]}]},{"@type":"ImageObject","inLanguage":"fr-FR","@id":"https:\/\/www.infomedia42.com\/orion\/verifier_eligibilite_windows_11\/#primaryimage","url":"https:\/\/www.infomedia42.com\/orion\/wp-content\/uploads\/2025\/10\/Lien-aka-telechargement.png","contentUrl":"https:\/\/www.infomedia42.com\/orion\/wp-content\/uploads\/2025\/10\/Lien-aka-telechargement.png","width":1018,"height":476},{"@type":"BreadcrumbList","@id":"https:\/\/www.infomedia42.com\/orion\/verifier_eligibilite_windows_11\/#breadcrumb","itemListElement":[{"@type":"ListItem","position":1,"name":"Accueil","item":"https:\/\/www.infomedia42.com\/orion\/"},{"@type":"ListItem","position":2,"name":"V\u00e9rifier \u00e9ligibilit\u00e9 au passage \u00e0 Windows 11"}]},{"@type":"WebSite","@id":"https:\/\/www.infomedia42.com\/orion\/#website","url":"https:\/\/www.infomedia42.com\/orion\/","name":"InfoMedia-L&#039;informatique pour tous","description":"Site de l&#039;association InfoMedia","publisher":{"@id":"https:\/\/www.infomedia42.com\/orion\/#organization"},"potentialAction":[{"@type":"SearchAction","target":{"@type":"EntryPoint","urlTemplate":"https:\/\/www.infomedia42.com\/orion\/?s={search_term_string}"},"query-input":{"@type":"PropertyValueSpecification","valueRequired":true,"valueName":"search_term_string"}}],"inLanguage":"fr-FR"},{"@type":"Organization","@id":"https:\/\/www.infomedia42.com\/orion\/#organization","name":"InfoMedia-L&#039;informatique pour tous","url":"https:\/\/www.infomedia42.com\/orion\/","logo":{"@type":"ImageObject","inLanguage":"fr-FR","@id":"https:\/\/www.infomedia42.com\/orion\/#\/schema\/logo\/image\/","url":"https:\/\/www.infomedia42.com\/orion\/wp-content\/uploads\/2024\/01\/cropped-Logodyn3secondes.gif","contentUrl":"https:\/\/www.infomedia42.com\/orion\/wp-content\/uploads\/2024\/01\/cropped-Logodyn3secondes.gif","width":290,"height":290,"caption":"InfoMedia-L&#039;informatique pour tous"},"image":{"@id":"https:\/\/www.infomedia42.com\/orion\/#\/schema\/logo\/image\/"}}]}},"_links":{"self":[{"href":"https:\/\/www.infomedia42.com\/orion\/wp-json\/wp\/v2\/pages\/4156","targetHints":{"allow":["GET"]}}],"collection":[{"href":"https:\/\/www.infomedia42.com\/orion\/wp-json\/wp\/v2\/pages"}],"about":[{"href":"https:\/\/www.infomedia42.com\/orion\/wp-json\/wp\/v2\/types\/page"}],"author":[{"embeddable":true,"href":"https:\/\/www.infomedia42.com\/orion\/wp-json\/wp\/v2\/users\/1"}],"replies":[{"embeddable":true,"href":"https:\/\/www.infomedia42.com\/orion\/wp-json\/wp\/v2\/comments?post=4156"}],"version-history":[{"count":6,"href":"https:\/\/www.infomedia42.com\/orion\/wp-json\/wp\/v2\/pages\/4156\/revisions"}],"predecessor-version":[{"id":4179,"href":"https:\/\/www.infomedia42.com\/orion\/wp-json\/wp\/v2\/pages\/4156\/revisions\/4179"}],"wp:attachment":[{"href":"https:\/\/www.infomedia42.com\/orion\/wp-json\/wp\/v2\/media?parent=4156"}],"curies":[{"name":"wp","href":"https:\/\/api.w.org\/{rel}","templated":true}]}}