{"id":507,"date":"2022-05-16T14:56:07","date_gmt":"2022-05-16T12:56:07","guid":{"rendered":"https:\/\/www.infomedia42.com\/orion\/?page_id=507"},"modified":"2026-04-12T14:13:25","modified_gmt":"2026-04-12T12:13:25","slug":"les-dates-des-prochains-reparcafe","status":"publish","type":"page","link":"https:\/\/www.infomedia42.com\/orion\/reparcafe\/les-dates-des-prochains-reparcafe\/","title":{"rendered":"Les dates des prochains r\u00e9par&rsquo;CAF\u00c9"},"content":{"rendered":"\n<p><\/p>\n\n\n\n<h2 class=\"wp-block-heading\">mercredi 22\/04\/2026<\/h2>\n\n\n\n<h2 class=\"wp-block-heading\">mercredi 20\/05\/2026<\/h2>\n\n\n\n<h2 class=\"wp-block-heading\">mercredi 17\/06\/2026<\/h2>\n\n\n\n<p class=\"has-vivid-red-color has-text-color has-link-color has-large-font-size wp-elements-a791f5c50538a7c0dc1a09b43639b765\"><\/p>\n\n\n\n<p><\/p>\n\n\n\n<table id=\"tablepress-1\" class=\"tablepress tablepress-id-1\">\n<thead>\n<tr class=\"row-1\">\n\t<th class=\"column-1\"><img loading=\"lazy\" decoding=\"async\" src=\"http:\/\/www.infomedia42.com\/orion\/wp-content\/uploads\/2022\/02\/20210516-logo-repar-CAFE.jpg\" alt=\"\" width=\"160\" height=\"252\" class=\"alignnone size-full wp-image-155\" \/><\/th><th class=\"column-2\">Pour fixer un rendez-vous, envoyez nous un mail \u00e0 : <a href=\"mailto:reparcafe@infomedia42.com\">reparcafe@infomedia42.com<\/a><br \/>\nen indiquant bien l'appareil \u00e0 r\u00e9parer et en indiquant un num\u00e9ro de t\u00e9l\u00e9phone o\u00f9 nous pourrons \u00e9ventuellement vous joindre. Merci !<br \/>\n<br><br \/>\n<a href=\"http:\/\/www.infomedia42.com\/orion\/reparcafe\/les-dates-des-prochains-reparcafe\/\">Les dates des prochains r\u00e9par'CAF\u00c9<\/a><br \/>\n<br><br \/>\n<a href=\"http:\/\/www.infomedia42.com\/orion\/reparcafe\/ce-qu-on-peut-reparer-au-repar-cafe\/\">Liste de ce qu\u2019on peut essayer de r\u00e9parer au r\u00e9par\u2019CAF\u00c9<\/a><br \/>\n<br><a href=\"http:\/\/www.infomedia42.com\/orion\/reparcafe\/reglement-du-repar-cafe\/\">Lisez bien le r\u00e8glement<\/a><br><br \/>\n<\/th>\n<\/tr>\n<\/thead>\n<tbody class=\"row-striping row-hover\">\n<\/tbody>\n<\/table>\n<!-- #tablepress-1 from cache -->\n\n\n\n<p class=\"has-white-color has-text-color has-link-color wp-elements-28ff4bd27c13c5b86325fec54bb3b3c2\">Infomedia42.com &#8211; l&rsquo;informatique pour tous \u00e0 Andr\u00e9zieux-Bouth\u00e9on, Saint Just-Saint Rambert, Saint Marcellin en Forez<br>InfoMedia, votre association, votre club, pour l&rsquo;initiation \u00e0 l&rsquo;informatique et au multimedia :<br>Bureautique, Internet, facebook, Conception et impression 3D, num\u00e9risation, montage vid\u00e9o, retouche photo, club photo, MAC, Raspberry, r\u00e9par caf\u00e9<\/p>\n","protected":false},"excerpt":{"rendered":"<p>mercredi 22\/04\/2026 mercredi 20\/05\/2026 mercredi 17\/06\/2026 Infomedia42.com &#8211; l&rsquo;informatique pour tous \u00e0 Andr\u00e9zieux-Bouth\u00e9on, Saint Just-Saint Rambert, Saint Marcellin en ForezInfoMedia, votre association, votre club, pour l&rsquo;initiation \u00e0 l&rsquo;informatique et au multimedia :Bureautique, Internet, facebook, Conception et impression 3D, num\u00e9risation, montage vid\u00e9o, retouche photo, club photo, MAC, Raspberry, r\u00e9par caf\u00e9<\/p>\n","protected":false},"author":1,"featured_media":0,"parent":158,"menu_order":0,"comment_status":"closed","ping_status":"closed","template":"","meta":{"footnotes":"","_links_to":"","_links_to_target":""},"class_list":["post-507","page","type-page","status-publish","czr-hentry"],"yoast_head":"<!-- This site is optimized with the Yoast SEO plugin v27.4 - https:\/\/yoast.com\/product\/yoast-seo-wordpress\/ -->\n<title>Les dates des prochains r\u00e9par&#039;CAF\u00c9 - InfoMedia-L&#039;informatique pour tous<\/title>\n<meta name=\"description\" content=\"r\u00e9par-caf\u00e9; Saint just-saint rambert\" \/>\n<meta name=\"robots\" content=\"index, follow, max-snippet:-1, max-image-preview:large, max-video-preview:-1\" \/>\n<link rel=\"canonical\" href=\"https:\/\/www.infomedia42.com\/orion\/reparcafe\/les-dates-des-prochains-reparcafe\/\" \/>\n<meta property=\"og:locale\" content=\"fr_FR\" \/>\n<meta property=\"og:type\" content=\"article\" \/>\n<meta property=\"og:title\" content=\"Les dates des prochains r\u00e9par&#039;CAF\u00c9 - InfoMedia-L&#039;informatique pour tous\" \/>\n<meta property=\"og:description\" content=\"r\u00e9par-caf\u00e9; Saint just-saint rambert\" \/>\n<meta property=\"og:url\" content=\"https:\/\/www.infomedia42.com\/orion\/reparcafe\/les-dates-des-prochains-reparcafe\/\" \/>\n<meta property=\"og:site_name\" content=\"InfoMedia-L&#039;informatique pour tous\" \/>\n<meta property=\"article:modified_time\" content=\"2026-04-12T12:13:25+00:00\" \/>\n<meta name=\"twitter:card\" content=\"summary_large_image\" \/>\n<meta name=\"twitter:label1\" content=\"Dur\u00e9e de lecture estim\u00e9e\" \/>\n\t<meta name=\"twitter:data1\" content=\"1 minute\" \/>\n<script type=\"application\/ld+json\" class=\"yoast-schema-graph\">{\"@context\":\"https:\\\/\\\/schema.org\",\"@graph\":[{\"@type\":\"WebPage\",\"@id\":\"https:\\\/\\\/www.infomedia42.com\\\/orion\\\/reparcafe\\\/les-dates-des-prochains-reparcafe\\\/\",\"url\":\"https:\\\/\\\/www.infomedia42.com\\\/orion\\\/reparcafe\\\/les-dates-des-prochains-reparcafe\\\/\",\"name\":\"Les dates des prochains r\u00e9par'CAF\u00c9 - InfoMedia-L&#039;informatique pour tous\",\"isPartOf\":{\"@id\":\"https:\\\/\\\/www.infomedia42.com\\\/orion\\\/#website\"},\"datePublished\":\"2022-05-16T12:56:07+00:00\",\"dateModified\":\"2026-04-12T12:13:25+00:00\",\"description\":\"r\u00e9par-caf\u00e9; Saint just-saint rambert\",\"breadcrumb\":{\"@id\":\"https:\\\/\\\/www.infomedia42.com\\\/orion\\\/reparcafe\\\/les-dates-des-prochains-reparcafe\\\/#breadcrumb\"},\"inLanguage\":\"fr-FR\",\"potentialAction\":[{\"@type\":\"ReadAction\",\"target\":[\"https:\\\/\\\/www.infomedia42.com\\\/orion\\\/reparcafe\\\/les-dates-des-prochains-reparcafe\\\/\"]}]},{\"@type\":\"BreadcrumbList\",\"@id\":\"https:\\\/\\\/www.infomedia42.com\\\/orion\\\/reparcafe\\\/les-dates-des-prochains-reparcafe\\\/#breadcrumb\",\"itemListElement\":[{\"@type\":\"ListItem\",\"position\":1,\"name\":\"Accueil\",\"item\":\"https:\\\/\\\/www.infomedia42.com\\\/orion\\\/\"},{\"@type\":\"ListItem\",\"position\":2,\"name\":\"r\u00e9par&rsquo;CAF\u00c9\",\"item\":\"https:\\\/\\\/www.infomedia42.com\\\/orion\\\/reparcafe\\\/\"},{\"@type\":\"ListItem\",\"position\":3,\"name\":\"Les dates des prochains r\u00e9par&rsquo;CAF\u00c9\"}]},{\"@type\":\"WebSite\",\"@id\":\"https:\\\/\\\/www.infomedia42.com\\\/orion\\\/#website\",\"url\":\"https:\\\/\\\/www.infomedia42.com\\\/orion\\\/\",\"name\":\"InfoMedia-L&#039;informatique pour tous\",\"description\":\"Site de l&#039;association InfoMedia\",\"publisher\":{\"@id\":\"https:\\\/\\\/www.infomedia42.com\\\/orion\\\/#organization\"},\"potentialAction\":[{\"@type\":\"SearchAction\",\"target\":{\"@type\":\"EntryPoint\",\"urlTemplate\":\"https:\\\/\\\/www.infomedia42.com\\\/orion\\\/?s={search_term_string}\"},\"query-input\":{\"@type\":\"PropertyValueSpecification\",\"valueRequired\":true,\"valueName\":\"search_term_string\"}}],\"inLanguage\":\"fr-FR\"},{\"@type\":\"Organization\",\"@id\":\"https:\\\/\\\/www.infomedia42.com\\\/orion\\\/#organization\",\"name\":\"InfoMedia-L&#039;informatique pour tous\",\"url\":\"https:\\\/\\\/www.infomedia42.com\\\/orion\\\/\",\"logo\":{\"@type\":\"ImageObject\",\"inLanguage\":\"fr-FR\",\"@id\":\"https:\\\/\\\/www.infomedia42.com\\\/orion\\\/#\\\/schema\\\/logo\\\/image\\\/\",\"url\":\"https:\\\/\\\/www.infomedia42.com\\\/orion\\\/wp-content\\\/uploads\\\/2024\\\/01\\\/cropped-Logodyn3secondes.gif\",\"contentUrl\":\"https:\\\/\\\/www.infomedia42.com\\\/orion\\\/wp-content\\\/uploads\\\/2024\\\/01\\\/cropped-Logodyn3secondes.gif\",\"width\":290,\"height\":290,\"caption\":\"InfoMedia-L&#039;informatique pour tous\"},\"image\":{\"@id\":\"https:\\\/\\\/www.infomedia42.com\\\/orion\\\/#\\\/schema\\\/logo\\\/image\\\/\"}}]}<\/script>\n<!-- \/ Yoast SEO plugin. -->","yoast_head_json":{"title":"Les dates des prochains r\u00e9par'CAF\u00c9 - InfoMedia-L&#039;informatique pour tous","description":"r\u00e9par-caf\u00e9; Saint just-saint rambert","robots":{"index":"index","follow":"follow","max-snippet":"max-snippet:-1","max-image-preview":"max-image-preview:large","max-video-preview":"max-video-preview:-1"},"canonical":"https:\/\/www.infomedia42.com\/orion\/reparcafe\/les-dates-des-prochains-reparcafe\/","og_locale":"fr_FR","og_type":"article","og_title":"Les dates des prochains r\u00e9par'CAF\u00c9 - InfoMedia-L&#039;informatique pour tous","og_description":"r\u00e9par-caf\u00e9; Saint just-saint rambert","og_url":"https:\/\/www.infomedia42.com\/orion\/reparcafe\/les-dates-des-prochains-reparcafe\/","og_site_name":"InfoMedia-L&#039;informatique pour tous","article_modified_time":"2026-04-12T12:13:25+00:00","twitter_card":"summary_large_image","twitter_misc":{"Dur\u00e9e de lecture estim\u00e9e":"1 minute"},"schema":{"@context":"https:\/\/schema.org","@graph":[{"@type":"WebPage","@id":"https:\/\/www.infomedia42.com\/orion\/reparcafe\/les-dates-des-prochains-reparcafe\/","url":"https:\/\/www.infomedia42.com\/orion\/reparcafe\/les-dates-des-prochains-reparcafe\/","name":"Les dates des prochains r\u00e9par'CAF\u00c9 - InfoMedia-L&#039;informatique pour tous","isPartOf":{"@id":"https:\/\/www.infomedia42.com\/orion\/#website"},"datePublished":"2022-05-16T12:56:07+00:00","dateModified":"2026-04-12T12:13:25+00:00","description":"r\u00e9par-caf\u00e9; Saint just-saint rambert","breadcrumb":{"@id":"https:\/\/www.infomedia42.com\/orion\/reparcafe\/les-dates-des-prochains-reparcafe\/#breadcrumb"},"inLanguage":"fr-FR","potentialAction":[{"@type":"ReadAction","target":["https:\/\/www.infomedia42.com\/orion\/reparcafe\/les-dates-des-prochains-reparcafe\/"]}]},{"@type":"BreadcrumbList","@id":"https:\/\/www.infomedia42.com\/orion\/reparcafe\/les-dates-des-prochains-reparcafe\/#breadcrumb","itemListElement":[{"@type":"ListItem","position":1,"name":"Accueil","item":"https:\/\/www.infomedia42.com\/orion\/"},{"@type":"ListItem","position":2,"name":"r\u00e9par&rsquo;CAF\u00c9","item":"https:\/\/www.infomedia42.com\/orion\/reparcafe\/"},{"@type":"ListItem","position":3,"name":"Les dates des prochains r\u00e9par&rsquo;CAF\u00c9"}]},{"@type":"WebSite","@id":"https:\/\/www.infomedia42.com\/orion\/#website","url":"https:\/\/www.infomedia42.com\/orion\/","name":"InfoMedia-L&#039;informatique pour tous","description":"Site de l&#039;association InfoMedia","publisher":{"@id":"https:\/\/www.infomedia42.com\/orion\/#organization"},"potentialAction":[{"@type":"SearchAction","target":{"@type":"EntryPoint","urlTemplate":"https:\/\/www.infomedia42.com\/orion\/?s={search_term_string}"},"query-input":{"@type":"PropertyValueSpecification","valueRequired":true,"valueName":"search_term_string"}}],"inLanguage":"fr-FR"},{"@type":"Organization","@id":"https:\/\/www.infomedia42.com\/orion\/#organization","name":"InfoMedia-L&#039;informatique pour tous","url":"https:\/\/www.infomedia42.com\/orion\/","logo":{"@type":"ImageObject","inLanguage":"fr-FR","@id":"https:\/\/www.infomedia42.com\/orion\/#\/schema\/logo\/image\/","url":"https:\/\/www.infomedia42.com\/orion\/wp-content\/uploads\/2024\/01\/cropped-Logodyn3secondes.gif","contentUrl":"https:\/\/www.infomedia42.com\/orion\/wp-content\/uploads\/2024\/01\/cropped-Logodyn3secondes.gif","width":290,"height":290,"caption":"InfoMedia-L&#039;informatique pour tous"},"image":{"@id":"https:\/\/www.infomedia42.com\/orion\/#\/schema\/logo\/image\/"}}]}},"_links":{"self":[{"href":"https:\/\/www.infomedia42.com\/orion\/wp-json\/wp\/v2\/pages\/507","targetHints":{"allow":["GET"]}}],"collection":[{"href":"https:\/\/www.infomedia42.com\/orion\/wp-json\/wp\/v2\/pages"}],"about":[{"href":"https:\/\/www.infomedia42.com\/orion\/wp-json\/wp\/v2\/types\/page"}],"author":[{"embeddable":true,"href":"https:\/\/www.infomedia42.com\/orion\/wp-json\/wp\/v2\/users\/1"}],"replies":[{"embeddable":true,"href":"https:\/\/www.infomedia42.com\/orion\/wp-json\/wp\/v2\/comments?post=507"}],"version-history":[{"count":82,"href":"https:\/\/www.infomedia42.com\/orion\/wp-json\/wp\/v2\/pages\/507\/revisions"}],"predecessor-version":[{"id":4793,"href":"https:\/\/www.infomedia42.com\/orion\/wp-json\/wp\/v2\/pages\/507\/revisions\/4793"}],"up":[{"embeddable":true,"href":"https:\/\/www.infomedia42.com\/orion\/wp-json\/wp\/v2\/pages\/158"}],"wp:attachment":[{"href":"https:\/\/www.infomedia42.com\/orion\/wp-json\/wp\/v2\/media?parent=507"}],"curies":[{"name":"wp","href":"https:\/\/api.w.org\/{rel}","templated":true}]}}